{"id":8308,"date":"2026-01-28T10:14:32","date_gmt":"2026-01-28T09:14:32","guid":{"rendered":"https:\/\/www.tous-acteurs-des-savoie.coop\/?post_type=event&#038;p=8308"},"modified":"2026-01-28T10:14:32","modified_gmt":"2026-01-28T09:14:32","slug":"le-connecteur-de-la-transition-ecologique-26-fevrier-2026","status":"publish","type":"event","link":"https:\/\/www.tous-acteurs-des-savoie.coop\/evenements\/le-connecteur-de-la-transition-ecologique-26-fevrier-2026\/","title":{"rendered":"LE CONNECTEUR DE LA TRANSITION \u00c9COLOGIQUE 26 F\u00c9VRIER 2026"},"template":"","categories":[],"class_list":["post-8308","event","type-event","status-publish","hentry"],"acf":[],"yoast_head":"<!-- This site is optimized with the Yoast SEO plugin v23.4 - https:\/\/yoast.com\/wordpress\/plugins\/seo\/ -->\n<title>LE CONNECTEUR DE LA TRANSITION \u00c9COLOGIQUE 26 F\u00c9VRIER 2026 - Tous Acteurs des Savoie<\/title>\n<meta name=\"robots\" content=\"index, follow, max-snippet:-1, max-image-preview:large, max-video-preview:-1\" \/>\n<link rel=\"canonical\" href=\"https:\/\/www.tous-acteurs-des-savoie.coop\/evenements\/le-connecteur-de-la-transition-ecologique-26-fevrier-2026\/\" \/>\n<meta property=\"og:locale\" content=\"fr_FR\" \/>\n<meta property=\"og:type\" content=\"article\" \/>\n<meta property=\"og:title\" content=\"LE CONNECTEUR DE LA TRANSITION \u00c9COLOGIQUE 26 F\u00c9VRIER 2026 - Tous Acteurs des Savoie\" \/>\n<meta property=\"og:description\" content=\"a:6:{s:10:&quot;event_date&quot;;s:8:&quot;20260226&quot;;s:14:&quot;event_date_end&quot;;s:8:&quot;20260226&quot;;s:7:&quot;address&quot;;b:0;s:5:&quot;cover&quot;;a:4:{s:3:&quot;img&quot;;i:8309;s:8:&quot;img-size&quot;;s:5:&quot;cover&quot;;s:5:&quot;title&quot;;s:52:&quot;LE CONNECTEUR DE LA TRANSITION \u00c9COLOGIQUE &quot;;s:11:&quot;button_link&quot;;a:2:{s:4:&quot;text&quot;;s:12:&quot;Je m&#039;inscris&quot;;s:3:&quot;url&quot;;a:1:{i:0;a:2:{s:13:&quot;acf_fc_layout&quot;;s:8:&quot;external&quot;;s:3:&quot;url&quot;;s:52:&quot;https:\/\/server.matchmaking-studio.com\/fr\/T17M1XS886\/&quot;;}}}}s:5:&quot;intro&quot;;a:1:{s:5:&quot;intro&quot;;s:717:&quot;Aux c\u00f4t\u00e9s du Village by CA des Savoie, nous sommes fiers de soutenir Le Connecteur de la Transition \u00c9cologique #2, un \u00e9v\u00e8nement d\u00e9di\u00e9 aux entreprises et collectivit\u00e9s de notre territoire, pour transformer les enjeux environnementaux en opportunit\u00e9s \u00e9conomiques concr\u00e8tes. &nbsp; \u26b2 Le Village by CA des Savoie, 19 boulevard de la Mer Caspienne, 73370 Le-Bourget-du-Lac. &nbsp; &nbsp; &quot;;}s:6:&quot;blocks&quot;;a:2:{i:0;a:4:{s:13:&quot;acf_fc_layout&quot;;s:4:&quot;text&quot;;s:14:&quot;text_text-move&quot;;b:0;s:14:&quot;text_text-size&quot;;s:1:&quot;9&quot;;s:9:&quot;text_text&quot;;s:3409:&quot;Le programme : 8h15 : Accueil caf\u00e9 8h30 : Keynote sur le th\u00e8me : \u00ab Circularit\u00e9 et cr\u00e9dits carbone : transformer l\u2019impact environnemental en levier \u00e9conomique \u00bb, par\u00a0Hortense PRUVOST, responsable impact de Vestiaire Collective et\u00a0Tha\u00efs DROZDOWSKI, co-fondatrice d\u2019INUK. 10h-12h30 : Composez votre programme sur-mesure\u00a0 Les ateliers personnalis\u00e9s \u00e0 votre secteur d&rsquo;activit\u00e9 :\u00a0 Pour le secteur priv\u00e9 :\u00a0Tiers investissement r\u00e9novation,\u00a0TICFE,\u00a0La durabilit\u00e9, acc\u00e9l\u00e9rateur de performance industrielle, Subventions 2026 pour le secteur priv\u00e9 Pour le secteur public :\u00a0MGPEPD,\u00a0\u00a0Subventions 2026\u00a0pour le secteur public et associatif &nbsp; Les Rendez-vous experts : en one-to-one pour aborder vos enjeux R3, Cr\u00e9dit Agricole des Savoie, ABF D\u00e9cisions, Savoie Process, FACEA, Energie des Savoie, Nexteneo, Fuzed, Hubwatt. 12h30 : D\u00e9jeuner networking &nbsp; Cet \u00e9v\u00e9nement vous permettra de clarifier vos d\u00e9marches, d\u2019obtenir des r\u00e9ponses \u00e0 vos questions et d\u2019identifier des leviers d\u2019action innovants et concrets pour avancer vers une transition \u00e9cologique r\u00e9ussie. &quot;;}i:1;a:3:{s:13:&quot;acf_fc_layout&quot;;s:6:&quot;button&quot;;s:11:&quot;button_line&quot;;b:0;s:16:&quot;button_link_link&quot;;a:2:{s:4:&quot;text&quot;;s:52:&quot;Je d\u00e9couvre le programme d\u00e9taill\u00e9 et je m&#039;inscris&quot;;s:3:&quot;url&quot;;a:1:{i:0;a:2:{s:13:&quot;acf_fc_layout&quot;;s:8:&quot;external&quot;;s:3:&quot;url&quot;;s:52:&quot;https:\/\/server.matchmaking-studio.com\/fr\/T17M1XS886\/&quot;;}}}}}}\" \/>\n<meta property=\"og:url\" content=\"https:\/\/www.tous-acteurs-des-savoie.coop\/evenements\/le-connecteur-de-la-transition-ecologique-26-fevrier-2026\/\" \/>\n<meta property=\"og:site_name\" content=\"Tous Acteurs des Savoie\" \/>\n<meta name=\"twitter:card\" content=\"summary_large_image\" \/>\n<script type=\"application\/ld+json\" class=\"yoast-schema-graph\">{\"@context\":\"https:\/\/schema.org\",\"@graph\":[{\"@type\":\"WebPage\",\"@id\":\"https:\/\/www.tous-acteurs-des-savoie.coop\/evenements\/le-connecteur-de-la-transition-ecologique-26-fevrier-2026\/\",\"url\":\"https:\/\/www.tous-acteurs-des-savoie.coop\/evenements\/le-connecteur-de-la-transition-ecologique-26-fevrier-2026\/\",\"name\":\"LE CONNECTEUR DE LA TRANSITION \u00c9COLOGIQUE 26 F\u00c9VRIER 2026 - Tous Acteurs des Savoie\",\"isPartOf\":{\"@id\":\"https:\/\/www.tous-acteurs-des-savoie.coop\/#website\"},\"datePublished\":\"2026-01-28T09:14:32+00:00\",\"dateModified\":\"2026-01-28T09:14:32+00:00\",\"breadcrumb\":{\"@id\":\"https:\/\/www.tous-acteurs-des-savoie.coop\/evenements\/le-connecteur-de-la-transition-ecologique-26-fevrier-2026\/#breadcrumb\"},\"inLanguage\":\"fr-FR\",\"potentialAction\":[{\"@type\":\"ReadAction\",\"target\":[\"https:\/\/www.tous-acteurs-des-savoie.coop\/evenements\/le-connecteur-de-la-transition-ecologique-26-fevrier-2026\/\"]}]},{\"@type\":\"BreadcrumbList\",\"@id\":\"https:\/\/www.tous-acteurs-des-savoie.coop\/evenements\/le-connecteur-de-la-transition-ecologique-26-fevrier-2026\/#breadcrumb\",\"itemListElement\":[{\"@type\":\"ListItem\",\"position\":1,\"name\":\"Home\",\"item\":\"https:\/\/www.tous-acteurs-des-savoie.coop\/\"},{\"@type\":\"ListItem\",\"position\":2,\"name\":\"\u00c9v\u00e8nements\",\"item\":\"https:\/\/www.tous-acteurs-des-savoie.coop\/evenements\/\"},{\"@type\":\"ListItem\",\"position\":3,\"name\":\"LE CONNECTEUR DE LA TRANSITION \u00c9COLOGIQUE 26 F\u00c9VRIER 2026\"}]},{\"@type\":\"WebSite\",\"@id\":\"https:\/\/www.tous-acteurs-des-savoie.coop\/#website\",\"url\":\"https:\/\/www.tous-acteurs-des-savoie.coop\/\",\"name\":\"Tous Acteurs des Savoie\",\"description\":\"\",\"potentialAction\":[{\"@type\":\"SearchAction\",\"target\":{\"@type\":\"EntryPoint\",\"urlTemplate\":\"https:\/\/www.tous-acteurs-des-savoie.coop\/?s={search_term_string}\"},\"query-input\":{\"@type\":\"PropertyValueSpecification\",\"valueRequired\":true,\"valueName\":\"search_term_string\"}}],\"inLanguage\":\"fr-FR\"}]}<\/script>\n<!-- \/ Yoast SEO plugin. -->","yoast_head_json":{"title":"LE CONNECTEUR DE LA TRANSITION \u00c9COLOGIQUE 26 F\u00c9VRIER 2026 - Tous Acteurs des Savoie","robots":{"index":"index","follow":"follow","max-snippet":"max-snippet:-1","max-image-preview":"max-image-preview:large","max-video-preview":"max-video-preview:-1"},"canonical":"https:\/\/www.tous-acteurs-des-savoie.coop\/evenements\/le-connecteur-de-la-transition-ecologique-26-fevrier-2026\/","og_locale":"fr_FR","og_type":"article","og_title":"LE CONNECTEUR DE LA TRANSITION \u00c9COLOGIQUE 26 F\u00c9VRIER 2026 - Tous Acteurs des Savoie","og_description":"a:6:{s:10:\"event_date\";s:8:\"20260226\";s:14:\"event_date_end\";s:8:\"20260226\";s:7:\"address\";b:0;s:5:\"cover\";a:4:{s:3:\"img\";i:8309;s:8:\"img-size\";s:5:\"cover\";s:5:\"title\";s:52:\"LE CONNECTEUR DE LA TRANSITION \u00c9COLOGIQUE \";s:11:\"button_link\";a:2:{s:4:\"text\";s:12:\"Je m'inscris\";s:3:\"url\";a:1:{i:0;a:2:{s:13:\"acf_fc_layout\";s:8:\"external\";s:3:\"url\";s:52:\"https:\/\/server.matchmaking-studio.com\/fr\/T17M1XS886\/\";}}}}s:5:\"intro\";a:1:{s:5:\"intro\";s:717:\"Aux c\u00f4t\u00e9s du Village by CA des Savoie, nous sommes fiers de soutenir Le Connecteur de la Transition \u00c9cologique #2, un \u00e9v\u00e8nement d\u00e9di\u00e9 aux entreprises et collectivit\u00e9s de notre territoire, pour transformer les enjeux environnementaux en opportunit\u00e9s \u00e9conomiques concr\u00e8tes. &nbsp; \u26b2 Le Village by CA des Savoie, 19 boulevard de la Mer Caspienne, 73370 Le-Bourget-du-Lac. &nbsp; &nbsp; \";}s:6:\"blocks\";a:2:{i:0;a:4:{s:13:\"acf_fc_layout\";s:4:\"text\";s:14:\"text_text-move\";b:0;s:14:\"text_text-size\";s:1:\"9\";s:9:\"text_text\";s:3409:\"Le programme : 8h15 : Accueil caf\u00e9 8h30 : Keynote sur le th\u00e8me : \u00ab Circularit\u00e9 et cr\u00e9dits carbone : transformer l\u2019impact environnemental en levier \u00e9conomique \u00bb, par\u00a0Hortense PRUVOST, responsable impact de Vestiaire Collective et\u00a0Tha\u00efs DROZDOWSKI, co-fondatrice d\u2019INUK. 10h-12h30 : Composez votre programme sur-mesure\u00a0 Les ateliers personnalis\u00e9s \u00e0 votre secteur d&rsquo;activit\u00e9 :\u00a0 Pour le secteur priv\u00e9 :\u00a0Tiers investissement r\u00e9novation,\u00a0TICFE,\u00a0La durabilit\u00e9, acc\u00e9l\u00e9rateur de performance industrielle, Subventions 2026 pour le secteur priv\u00e9 Pour le secteur public :\u00a0MGPEPD,\u00a0\u00a0Subventions 2026\u00a0pour le secteur public et associatif &nbsp; Les Rendez-vous experts : en one-to-one pour aborder vos enjeux R3, Cr\u00e9dit Agricole des Savoie, ABF D\u00e9cisions, Savoie Process, FACEA, Energie des Savoie, Nexteneo, Fuzed, Hubwatt. 12h30 : D\u00e9jeuner networking &nbsp; Cet \u00e9v\u00e9nement vous permettra de clarifier vos d\u00e9marches, d\u2019obtenir des r\u00e9ponses \u00e0 vos questions et d\u2019identifier des leviers d\u2019action innovants et concrets pour avancer vers une transition \u00e9cologique r\u00e9ussie. \";}i:1;a:3:{s:13:\"acf_fc_layout\";s:6:\"button\";s:11:\"button_line\";b:0;s:16:\"button_link_link\";a:2:{s:4:\"text\";s:52:\"Je d\u00e9couvre le programme d\u00e9taill\u00e9 et je m'inscris\";s:3:\"url\";a:1:{i:0;a:2:{s:13:\"acf_fc_layout\";s:8:\"external\";s:3:\"url\";s:52:\"https:\/\/server.matchmaking-studio.com\/fr\/T17M1XS886\/\";}}}}}}","og_url":"https:\/\/www.tous-acteurs-des-savoie.coop\/evenements\/le-connecteur-de-la-transition-ecologique-26-fevrier-2026\/","og_site_name":"Tous Acteurs des Savoie","twitter_card":"summary_large_image","schema":{"@context":"https:\/\/schema.org","@graph":[{"@type":"WebPage","@id":"https:\/\/www.tous-acteurs-des-savoie.coop\/evenements\/le-connecteur-de-la-transition-ecologique-26-fevrier-2026\/","url":"https:\/\/www.tous-acteurs-des-savoie.coop\/evenements\/le-connecteur-de-la-transition-ecologique-26-fevrier-2026\/","name":"LE CONNECTEUR DE LA TRANSITION \u00c9COLOGIQUE 26 F\u00c9VRIER 2026 - Tous Acteurs des Savoie","isPartOf":{"@id":"https:\/\/www.tous-acteurs-des-savoie.coop\/#website"},"datePublished":"2026-01-28T09:14:32+00:00","dateModified":"2026-01-28T09:14:32+00:00","breadcrumb":{"@id":"https:\/\/www.tous-acteurs-des-savoie.coop\/evenements\/le-connecteur-de-la-transition-ecologique-26-fevrier-2026\/#breadcrumb"},"inLanguage":"fr-FR","potentialAction":[{"@type":"ReadAction","target":["https:\/\/www.tous-acteurs-des-savoie.coop\/evenements\/le-connecteur-de-la-transition-ecologique-26-fevrier-2026\/"]}]},{"@type":"BreadcrumbList","@id":"https:\/\/www.tous-acteurs-des-savoie.coop\/evenements\/le-connecteur-de-la-transition-ecologique-26-fevrier-2026\/#breadcrumb","itemListElement":[{"@type":"ListItem","position":1,"name":"Home","item":"https:\/\/www.tous-acteurs-des-savoie.coop\/"},{"@type":"ListItem","position":2,"name":"\u00c9v\u00e8nements","item":"https:\/\/www.tous-acteurs-des-savoie.coop\/evenements\/"},{"@type":"ListItem","position":3,"name":"LE CONNECTEUR DE LA TRANSITION \u00c9COLOGIQUE 26 F\u00c9VRIER 2026"}]},{"@type":"WebSite","@id":"https:\/\/www.tous-acteurs-des-savoie.coop\/#website","url":"https:\/\/www.tous-acteurs-des-savoie.coop\/","name":"Tous Acteurs des Savoie","description":"","potentialAction":[{"@type":"SearchAction","target":{"@type":"EntryPoint","urlTemplate":"https:\/\/www.tous-acteurs-des-savoie.coop\/?s={search_term_string}"},"query-input":{"@type":"PropertyValueSpecification","valueRequired":true,"valueName":"search_term_string"}}],"inLanguage":"fr-FR"}]}},"_links":{"self":[{"href":"https:\/\/www.tous-acteurs-des-savoie.coop\/tads-api\/wp\/v2\/event\/8308","targetHints":{"allow":["GET"]}}],"collection":[{"href":"https:\/\/www.tous-acteurs-des-savoie.coop\/tads-api\/wp\/v2\/event"}],"about":[{"href":"https:\/\/www.tous-acteurs-des-savoie.coop\/tads-api\/wp\/v2\/types\/event"}],"wp:attachment":[{"href":"https:\/\/www.tous-acteurs-des-savoie.coop\/tads-api\/wp\/v2\/media?parent=8308"}],"wp:term":[{"taxonomy":"category","embeddable":true,"href":"https:\/\/www.tous-acteurs-des-savoie.coop\/tads-api\/wp\/v2\/categories?post=8308"}],"curies":[{"name":"wp","href":"https:\/\/api.w.org\/{rel}","templated":true}]}}

LE CONNECTEUR DE LA TRANSITION ÉCOLOGIQUE 26 FÉVRIER 2026

<!-- This site is optimized with the Yoast SEO plugin v23.4 - https://yoast.com/wordpress/plugins/seo/ -->
<title>LE CONNECTEUR DE LA TRANSITION ÉCOLOGIQUE 26 FÉVRIER 2026 - Tous Acteurs des Savoie</title>
<meta name="robots" content="index, follow, max-snippet:-1, max-image-preview:large, max-video-preview:-1" />
<link rel="canonical" href="https://www.tous-acteurs-des-savoie.coop/evenements/le-connecteur-de-la-transition-ecologique-26-fevrier-2026/" />
<meta property="og:locale" content="fr_FR" />
<meta property="og:type" content="article" />
<meta property="og:title" content="LE CONNECTEUR DE LA TRANSITION ÉCOLOGIQUE 26 FÉVRIER 2026 - Tous Acteurs des Savoie" />
<meta property="og:description" content="a:6:{s:10:&quot;event_date&quot;;s:8:&quot;20260226&quot;;s:14:&quot;event_date_end&quot;;s:8:&quot;20260226&quot;;s:7:&quot;address&quot;;b:0;s:5:&quot;cover&quot;;a:4:{s:3:&quot;img&quot;;i:8309;s:8:&quot;img-size&quot;;s:5:&quot;cover&quot;;s:5:&quot;title&quot;;s:52:&quot;LE CONNECTEUR DE LA TRANSITION ÉCOLOGIQUE &quot;;s:11:&quot;button_link&quot;;a:2:{s:4:&quot;text&quot;;s:12:&quot;Je m&#039;inscris&quot;;s:3:&quot;url&quot;;a:1:{i:0;a:2:{s:13:&quot;acf_fc_layout&quot;;s:8:&quot;external&quot;;s:3:&quot;url&quot;;s:52:&quot;https://server.matchmaking-studio.com/fr/T17M1XS886/&quot;;}}}}s:5:&quot;intro&quot;;a:1:{s:5:&quot;intro&quot;;s:717:&quot;Aux côtés du Village by CA des Savoie, nous sommes fiers de soutenir Le Connecteur de la Transition Écologique #2, un évènement dédié aux entreprises et collectivités de notre territoire, pour transformer les enjeux environnementaux en opportunités économiques concrètes. &nbsp; ⚲ Le Village by CA des Savoie, 19 boulevard de la Mer Caspienne, 73370 Le-Bourget-du-Lac. &nbsp; &nbsp; &quot;;}s:6:&quot;blocks&quot;;a:2:{i:0;a:4:{s:13:&quot;acf_fc_layout&quot;;s:4:&quot;text&quot;;s:14:&quot;text_text-move&quot;;b:0;s:14:&quot;text_text-size&quot;;s:1:&quot;9&quot;;s:9:&quot;text_text&quot;;s:3409:&quot;Le programme : 8h15 : Accueil café 8h30 : Keynote sur le thème : « Circularité et crédits carbone : transformer l’impact environnemental en levier économique », par Hortense PRUVOST, responsable impact de Vestiaire Collective et Thaïs DROZDOWSKI, co-fondatrice d’INUK. 10h-12h30 : Composez votre programme sur-mesure  Les ateliers personnalisés à votre secteur d&rsquo;activité :  Pour le secteur privé : Tiers investissement rénovation, TICFE, La durabilité, accélérateur de performance industrielle, Subventions 2026 pour le secteur privé Pour le secteur public : MGPEPD,  Subventions 2026 pour le secteur public et associatif &nbsp; Les Rendez-vous experts : en one-to-one pour aborder vos enjeux R3, Crédit Agricole des Savoie, ABF Décisions, Savoie Process, FACEA, Energie des Savoie, Nexteneo, Fuzed, Hubwatt. 12h30 : Déjeuner networking &nbsp; Cet événement vous permettra de clarifier vos démarches, d’obtenir des réponses à vos questions et d’identifier des leviers d’action innovants et concrets pour avancer vers une transition écologique réussie. &quot;;}i:1;a:3:{s:13:&quot;acf_fc_layout&quot;;s:6:&quot;button&quot;;s:11:&quot;button_line&quot;;b:0;s:16:&quot;button_link_link&quot;;a:2:{s:4:&quot;text&quot;;s:52:&quot;Je découvre le programme détaillé et je m&#039;inscris&quot;;s:3:&quot;url&quot;;a:1:{i:0;a:2:{s:13:&quot;acf_fc_layout&quot;;s:8:&quot;external&quot;;s:3:&quot;url&quot;;s:52:&quot;https://server.matchmaking-studio.com/fr/T17M1XS886/&quot;;}}}}}}" />
<meta property="og:url" content="https://www.tous-acteurs-des-savoie.coop/evenements/le-connecteur-de-la-transition-ecologique-26-fevrier-2026/" />
<meta property="og:site_name" content="Tous Acteurs des Savoie" />
<meta name="twitter:card" content="summary_large_image" />
<script type="application/ld+json" class="yoast-schema-graph">{"@context":"https://schema.org","@graph":[{"@type":"WebPage","@id":"https://www.tous-acteurs-des-savoie.coop/evenements/le-connecteur-de-la-transition-ecologique-26-fevrier-2026/","url":"https://www.tous-acteurs-des-savoie.coop/evenements/le-connecteur-de-la-transition-ecologique-26-fevrier-2026/","name":"LE CONNECTEUR DE LA TRANSITION ÉCOLOGIQUE 26 FÉVRIER 2026 - Tous Acteurs des Savoie","isPartOf":{"@id":"https://www.tous-acteurs-des-savoie.coop/#website"},"datePublished":"2026-01-28T09:14:32+00:00","dateModified":"2026-01-28T09:14:32+00:00","breadcrumb":{"@id":"https://www.tous-acteurs-des-savoie.coop/evenements/le-connecteur-de-la-transition-ecologique-26-fevrier-2026/#breadcrumb"},"inLanguage":"fr-FR","potentialAction":[{"@type":"ReadAction","target":["https://www.tous-acteurs-des-savoie.coop/evenements/le-connecteur-de-la-transition-ecologique-26-fevrier-2026/"]}]},{"@type":"BreadcrumbList","@id":"https://www.tous-acteurs-des-savoie.coop/evenements/le-connecteur-de-la-transition-ecologique-26-fevrier-2026/#breadcrumb","itemListElement":[{"@type":"ListItem","position":1,"name":"Home","item":"https://www.tous-acteurs-des-savoie.coop/"},{"@type":"ListItem","position":2,"name":"Évènements","item":"https://www.tous-acteurs-des-savoie.coop/evenements/"},{"@type":"ListItem","position":3,"name":"LE CONNECTEUR DE LA TRANSITION ÉCOLOGIQUE 26 FÉVRIER 2026"}]},{"@type":"WebSite","@id":"https://www.tous-acteurs-des-savoie.coop/#website","url":"https://www.tous-acteurs-des-savoie.coop/","name":"Tous Acteurs des Savoie","description":"","potentialAction":[{"@type":"SearchAction","target":{"@type":"EntryPoint","urlTemplate":"https://www.tous-acteurs-des-savoie.coop/?s={search_term_string}"},"query-input":{"@type":"PropertyValueSpecification","valueRequired":true,"valueName":"search_term_string"}}],"inLanguage":"fr-FR"}]}</script>
<!-- / Yoast SEO plugin. -->

LE CONNECTEUR DE LA TRANSITION ÉCOLOGIQUE 26 FÉVRIER 2026 - Tous Acteurs des Savoie

a:6:{s:10:"event_date";s:8:"20260226";s:14:"event_date_end";s:8:"20260226";s:7:"address";b:0;s:5:"cover";a:4:{s:3:"img";i:8309;s:8:"img-size";s:5:"cover";s:5:"title";s:52:"LE CONNECTEUR DE LA TRANSITION ÉCOLOGIQUE ";s:11:"button_link";a:2:{s:4:"text";s:12:"Je m'inscris";s:3:"url";a:1:{i:0;a:2:{s:13:"acf_fc_layout";s:8:"external";s:3:"url";s:52:"https://server.matchmaking-studio.com/fr/T17M1XS886/";}}}}s:5:"intro";a:1:{s:5:"intro";s:717:"Aux côtés du Village by CA des Savoie, nous sommes fiers de soutenir Le Connecteur de la Transition Écologique #2, un évènement dédié aux entreprises et collectivités de notre territoire, pour transformer les enjeux environnementaux en opportunités économiques concrètes. &nbsp; ⚲ Le Village by CA des Savoie, 19 boulevard de la Mer Caspienne, 73370 Le-Bourget-du-Lac. &nbsp; &nbsp; ";}s:6:"blocks";a:2:{i:0;a:4:{s:13:"acf_fc_layout";s:4:"text";s:14:"text_text-move";b:0;s:14:"text_text-size";s:1:"9";s:9:"text_text";s:3409:"Le programme : 8h15 : Accueil café 8h30 : Keynote sur le thème : « Circularité et crédits carbone : transformer l’impact environnemental en levier économique », par Hortense PRUVOST, responsable impact de Vestiaire Collective et Thaïs DROZDOWSKI, co-fondatrice d’INUK. 10h-12h30 : Composez votre programme sur-mesure  Les ateliers personnalisés à votre secteur d&rsquo;activité :  Pour le secteur privé : Tiers investissement rénovation, TICFE, La durabilité, accélérateur de performance industrielle, Subventions 2026 pour le secteur privé Pour le secteur public : MGPEPD,  Subventions 2026 pour le secteur public et associatif &nbsp; Les Rendez-vous experts : en one-to-one pour aborder vos enjeux R3, Crédit Agricole des Savoie, ABF Décisions, Savoie Process, FACEA, Energie des Savoie, Nexteneo, Fuzed, Hubwatt. 12h30 : Déjeuner networking &nbsp; Cet événement vous permettra de clarifier vos démarches, d’obtenir des réponses à vos questions et d’identifier des leviers d’action innovants et concrets pour avancer vers une transition écologique réussie. ";}i:1;a:3:{s:13:"acf_fc_layout";s:6:"button";s:11:"button_line";b:0;s:16:"button_link_link";a:2:{s:4:"text";s:52:"Je découvre le programme détaillé et je m'inscris";s:3:"url";a:1:{i:0;a:2:{s:13:"acf_fc_layout";s:8:"external";s:3:"url";s:52:"https://server.matchmaking-studio.com/fr/T17M1XS886/";}}}}}}

Évènements
