{"id":7890,"date":"2025-10-17T21:32:40","date_gmt":"2025-10-17T19:32:40","guid":{"rendered":"https:\/\/www.tous-acteurs-des-savoie.coop\/?post_type=event&#038;p=7890"},"modified":"2025-10-17T21:37:16","modified_gmt":"2025-10-17T19:37:16","slug":"chamonix-photo-festival","status":"publish","type":"event","link":"https:\/\/www.tous-acteurs-des-savoie.coop\/evenements\/chamonix-photo-festival\/","title":{"rendered":"CHAMONIX PHOTO FESTIVAL"},"template":"","categories":[109,128],"class_list":["post-7890","event","type-event","status-publish","hentry","category-montagne","category-territoire"],"acf":[],"yoast_head":"<!-- This site is optimized with the Yoast SEO plugin v23.4 - https:\/\/yoast.com\/wordpress\/plugins\/seo\/ -->\n<title>CHAMONIX PHOTO FESTIVAL - Tous Acteurs des Savoie<\/title>\n<meta name=\"robots\" content=\"index, follow, max-snippet:-1, max-image-preview:large, max-video-preview:-1\" \/>\n<link rel=\"canonical\" href=\"https:\/\/www.tous-acteurs-des-savoie.coop\/evenements\/chamonix-photo-festival\/\" \/>\n<meta property=\"og:locale\" content=\"fr_FR\" \/>\n<meta property=\"og:type\" content=\"article\" \/>\n<meta property=\"og:title\" content=\"CHAMONIX PHOTO FESTIVAL - Tous Acteurs des Savoie\" \/>\n<meta property=\"og:description\" content=\"a:6:{s:10:&quot;event_date&quot;;s:8:&quot;20251031&quot;;s:14:&quot;event_date_end&quot;;s:8:&quot;20251102&quot;;s:7:&quot;address&quot;;b:0;s:5:&quot;cover&quot;;a:4:{s:3:&quot;img&quot;;i:7895;s:8:&quot;img-size&quot;;s:7:&quot;contain&quot;;s:5:&quot;title&quot;;s:56:&quot;3\u00e8me \u00e9dition &#8211; Chamonix photo festival &quot;;s:11:&quot;button_link&quot;;a:2:{s:4:&quot;text&quot;;s:24:&quot;Retrouvez le programme :&quot;;s:3:&quot;url&quot;;a:1:{i:0;a:2:{s:13:&quot;acf_fc_layout&quot;;s:8:&quot;external&quot;;s:3:&quot;url&quot;;s:50:&quot;https:\/\/www.chamonixphotofestival.com\/programme-2\/&quot;;}}}}s:5:&quot;intro&quot;;a:1:{s:5:&quot;intro&quot;;s:708:&quot;Chamonix Photo Festival revient pour une 3\u00e8me \u00e9dition, du vendredi 31 octobre au dimanche 2 novembre 2025. Le temps d&rsquo;un week-end, Chamonix devient la capitale de l&rsquo;image et de la photo nature. Au programme : expositions, projections, rencontres, concours, masterclass et ateliers enfants. Un festival immersif d\u00e9di\u00e9 \u00e0 la nature, \u00e0 ceux qui la racontent et \u00e0 ceux qui la d\u00e9fendent. En tant que banque coop\u00e9rative et de proximit\u00e9, le Cr\u00e9dit Agricole des Savoie est fier de mettre en lumi\u00e8re les valeurs locales et l&rsquo;authenticit\u00e9 de notre territoire. Venez tous partager ce moment unique. &nbsp; &quot;;}s:6:&quot;blocks&quot;;b:0;}\" \/>\n<meta property=\"og:url\" content=\"https:\/\/www.tous-acteurs-des-savoie.coop\/evenements\/chamonix-photo-festival\/\" \/>\n<meta property=\"og:site_name\" content=\"Tous Acteurs des Savoie\" \/>\n<meta property=\"article:modified_time\" content=\"2025-10-17T19:37:16+00:00\" \/>\n<meta name=\"twitter:card\" content=\"summary_large_image\" \/>\n<script type=\"application\/ld+json\" class=\"yoast-schema-graph\">{\"@context\":\"https:\/\/schema.org\",\"@graph\":[{\"@type\":\"WebPage\",\"@id\":\"https:\/\/www.tous-acteurs-des-savoie.coop\/evenements\/chamonix-photo-festival\/\",\"url\":\"https:\/\/www.tous-acteurs-des-savoie.coop\/evenements\/chamonix-photo-festival\/\",\"name\":\"CHAMONIX PHOTO FESTIVAL - Tous Acteurs des Savoie\",\"isPartOf\":{\"@id\":\"https:\/\/www.tous-acteurs-des-savoie.coop\/#website\"},\"datePublished\":\"2025-10-17T19:32:40+00:00\",\"dateModified\":\"2025-10-17T19:37:16+00:00\",\"breadcrumb\":{\"@id\":\"https:\/\/www.tous-acteurs-des-savoie.coop\/evenements\/chamonix-photo-festival\/#breadcrumb\"},\"inLanguage\":\"fr-FR\",\"potentialAction\":[{\"@type\":\"ReadAction\",\"target\":[\"https:\/\/www.tous-acteurs-des-savoie.coop\/evenements\/chamonix-photo-festival\/\"]}]},{\"@type\":\"BreadcrumbList\",\"@id\":\"https:\/\/www.tous-acteurs-des-savoie.coop\/evenements\/chamonix-photo-festival\/#breadcrumb\",\"itemListElement\":[{\"@type\":\"ListItem\",\"position\":1,\"name\":\"Home\",\"item\":\"https:\/\/www.tous-acteurs-des-savoie.coop\/\"},{\"@type\":\"ListItem\",\"position\":2,\"name\":\"\u00c9v\u00e8nements\",\"item\":\"https:\/\/www.tous-acteurs-des-savoie.coop\/evenements\/\"},{\"@type\":\"ListItem\",\"position\":3,\"name\":\"CHAMONIX PHOTO FESTIVAL\"}]},{\"@type\":\"WebSite\",\"@id\":\"https:\/\/www.tous-acteurs-des-savoie.coop\/#website\",\"url\":\"https:\/\/www.tous-acteurs-des-savoie.coop\/\",\"name\":\"Tous Acteurs des Savoie\",\"description\":\"\",\"potentialAction\":[{\"@type\":\"SearchAction\",\"target\":{\"@type\":\"EntryPoint\",\"urlTemplate\":\"https:\/\/www.tous-acteurs-des-savoie.coop\/?s={search_term_string}\"},\"query-input\":{\"@type\":\"PropertyValueSpecification\",\"valueRequired\":true,\"valueName\":\"search_term_string\"}}],\"inLanguage\":\"fr-FR\"}]}<\/script>\n<!-- \/ Yoast SEO plugin. -->","yoast_head_json":{"title":"CHAMONIX PHOTO FESTIVAL - Tous Acteurs des Savoie","robots":{"index":"index","follow":"follow","max-snippet":"max-snippet:-1","max-image-preview":"max-image-preview:large","max-video-preview":"max-video-preview:-1"},"canonical":"https:\/\/www.tous-acteurs-des-savoie.coop\/evenements\/chamonix-photo-festival\/","og_locale":"fr_FR","og_type":"article","og_title":"CHAMONIX PHOTO FESTIVAL - Tous Acteurs des Savoie","og_description":"a:6:{s:10:\"event_date\";s:8:\"20251031\";s:14:\"event_date_end\";s:8:\"20251102\";s:7:\"address\";b:0;s:5:\"cover\";a:4:{s:3:\"img\";i:7895;s:8:\"img-size\";s:7:\"contain\";s:5:\"title\";s:56:\"3\u00e8me \u00e9dition &#8211; Chamonix photo festival \";s:11:\"button_link\";a:2:{s:4:\"text\";s:24:\"Retrouvez le programme :\";s:3:\"url\";a:1:{i:0;a:2:{s:13:\"acf_fc_layout\";s:8:\"external\";s:3:\"url\";s:50:\"https:\/\/www.chamonixphotofestival.com\/programme-2\/\";}}}}s:5:\"intro\";a:1:{s:5:\"intro\";s:708:\"Chamonix Photo Festival revient pour une 3\u00e8me \u00e9dition, du vendredi 31 octobre au dimanche 2 novembre 2025. Le temps d&rsquo;un week-end, Chamonix devient la capitale de l&rsquo;image et de la photo nature. Au programme : expositions, projections, rencontres, concours, masterclass et ateliers enfants. Un festival immersif d\u00e9di\u00e9 \u00e0 la nature, \u00e0 ceux qui la racontent et \u00e0 ceux qui la d\u00e9fendent. En tant que banque coop\u00e9rative et de proximit\u00e9, le Cr\u00e9dit Agricole des Savoie est fier de mettre en lumi\u00e8re les valeurs locales et l&rsquo;authenticit\u00e9 de notre territoire. Venez tous partager ce moment unique. &nbsp; \";}s:6:\"blocks\";b:0;}","og_url":"https:\/\/www.tous-acteurs-des-savoie.coop\/evenements\/chamonix-photo-festival\/","og_site_name":"Tous Acteurs des Savoie","article_modified_time":"2025-10-17T19:37:16+00:00","twitter_card":"summary_large_image","schema":{"@context":"https:\/\/schema.org","@graph":[{"@type":"WebPage","@id":"https:\/\/www.tous-acteurs-des-savoie.coop\/evenements\/chamonix-photo-festival\/","url":"https:\/\/www.tous-acteurs-des-savoie.coop\/evenements\/chamonix-photo-festival\/","name":"CHAMONIX PHOTO FESTIVAL - Tous Acteurs des Savoie","isPartOf":{"@id":"https:\/\/www.tous-acteurs-des-savoie.coop\/#website"},"datePublished":"2025-10-17T19:32:40+00:00","dateModified":"2025-10-17T19:37:16+00:00","breadcrumb":{"@id":"https:\/\/www.tous-acteurs-des-savoie.coop\/evenements\/chamonix-photo-festival\/#breadcrumb"},"inLanguage":"fr-FR","potentialAction":[{"@type":"ReadAction","target":["https:\/\/www.tous-acteurs-des-savoie.coop\/evenements\/chamonix-photo-festival\/"]}]},{"@type":"BreadcrumbList","@id":"https:\/\/www.tous-acteurs-des-savoie.coop\/evenements\/chamonix-photo-festival\/#breadcrumb","itemListElement":[{"@type":"ListItem","position":1,"name":"Home","item":"https:\/\/www.tous-acteurs-des-savoie.coop\/"},{"@type":"ListItem","position":2,"name":"\u00c9v\u00e8nements","item":"https:\/\/www.tous-acteurs-des-savoie.coop\/evenements\/"},{"@type":"ListItem","position":3,"name":"CHAMONIX PHOTO FESTIVAL"}]},{"@type":"WebSite","@id":"https:\/\/www.tous-acteurs-des-savoie.coop\/#website","url":"https:\/\/www.tous-acteurs-des-savoie.coop\/","name":"Tous Acteurs des Savoie","description":"","potentialAction":[{"@type":"SearchAction","target":{"@type":"EntryPoint","urlTemplate":"https:\/\/www.tous-acteurs-des-savoie.coop\/?s={search_term_string}"},"query-input":{"@type":"PropertyValueSpecification","valueRequired":true,"valueName":"search_term_string"}}],"inLanguage":"fr-FR"}]}},"_links":{"self":[{"href":"https:\/\/www.tous-acteurs-des-savoie.coop\/tads-api\/wp\/v2\/event\/7890","targetHints":{"allow":["GET"]}}],"collection":[{"href":"https:\/\/www.tous-acteurs-des-savoie.coop\/tads-api\/wp\/v2\/event"}],"about":[{"href":"https:\/\/www.tous-acteurs-des-savoie.coop\/tads-api\/wp\/v2\/types\/event"}],"wp:attachment":[{"href":"https:\/\/www.tous-acteurs-des-savoie.coop\/tads-api\/wp\/v2\/media?parent=7890"}],"wp:term":[{"taxonomy":"category","embeddable":true,"href":"https:\/\/www.tous-acteurs-des-savoie.coop\/tads-api\/wp\/v2\/categories?post=7890"}],"curies":[{"name":"wp","href":"https:\/\/api.w.org\/{rel}","templated":true}]}}

<!-- This site is optimized with the Yoast SEO plugin v23.4 - https://yoast.com/wordpress/plugins/seo/ -->
<title>CHAMONIX PHOTO FESTIVAL - Tous Acteurs des Savoie</title>
<meta name="robots" content="index, follow, max-snippet:-1, max-image-preview:large, max-video-preview:-1" />
<link rel="canonical" href="https://www.tous-acteurs-des-savoie.coop/evenements/chamonix-photo-festival/" />
<meta property="og:locale" content="fr_FR" />
<meta property="og:type" content="article" />
<meta property="og:title" content="CHAMONIX PHOTO FESTIVAL - Tous Acteurs des Savoie" />
<meta property="og:description" content="a:6:{s:10:&quot;event_date&quot;;s:8:&quot;20251031&quot;;s:14:&quot;event_date_end&quot;;s:8:&quot;20251102&quot;;s:7:&quot;address&quot;;b:0;s:5:&quot;cover&quot;;a:4:{s:3:&quot;img&quot;;i:7895;s:8:&quot;img-size&quot;;s:7:&quot;contain&quot;;s:5:&quot;title&quot;;s:56:&quot;3ème édition &#8211; Chamonix photo festival &quot;;s:11:&quot;button_link&quot;;a:2:{s:4:&quot;text&quot;;s:24:&quot;Retrouvez le programme :&quot;;s:3:&quot;url&quot;;a:1:{i:0;a:2:{s:13:&quot;acf_fc_layout&quot;;s:8:&quot;external&quot;;s:3:&quot;url&quot;;s:50:&quot;https://www.chamonixphotofestival.com/programme-2/&quot;;}}}}s:5:&quot;intro&quot;;a:1:{s:5:&quot;intro&quot;;s:708:&quot;Chamonix Photo Festival revient pour une 3ème édition, du vendredi 31 octobre au dimanche 2 novembre 2025. Le temps d&rsquo;un week-end, Chamonix devient la capitale de l&rsquo;image et de la photo nature. Au programme : expositions, projections, rencontres, concours, masterclass et ateliers enfants. Un festival immersif dédié à la nature, à ceux qui la racontent et à ceux qui la défendent. En tant que banque coopérative et de proximité, le Crédit Agricole des Savoie est fier de mettre en lumière les valeurs locales et l&rsquo;authenticité de notre territoire. Venez tous partager ce moment unique. &nbsp; &quot;;}s:6:&quot;blocks&quot;;b:0;}" />
<meta property="og:url" content="https://www.tous-acteurs-des-savoie.coop/evenements/chamonix-photo-festival/" />
<meta property="og:site_name" content="Tous Acteurs des Savoie" />
<meta property="article:modified_time" content="2025-10-17T19:37:16+00:00" />
<meta name="twitter:card" content="summary_large_image" />
<script type="application/ld+json" class="yoast-schema-graph">{"@context":"https://schema.org","@graph":[{"@type":"WebPage","@id":"https://www.tous-acteurs-des-savoie.coop/evenements/chamonix-photo-festival/","url":"https://www.tous-acteurs-des-savoie.coop/evenements/chamonix-photo-festival/","name":"CHAMONIX PHOTO FESTIVAL - Tous Acteurs des Savoie","isPartOf":{"@id":"https://www.tous-acteurs-des-savoie.coop/#website"},"datePublished":"2025-10-17T19:32:40+00:00","dateModified":"2025-10-17T19:37:16+00:00","breadcrumb":{"@id":"https://www.tous-acteurs-des-savoie.coop/evenements/chamonix-photo-festival/#breadcrumb"},"inLanguage":"fr-FR","potentialAction":[{"@type":"ReadAction","target":["https://www.tous-acteurs-des-savoie.coop/evenements/chamonix-photo-festival/"]}]},{"@type":"BreadcrumbList","@id":"https://www.tous-acteurs-des-savoie.coop/evenements/chamonix-photo-festival/#breadcrumb","itemListElement":[{"@type":"ListItem","position":1,"name":"Home","item":"https://www.tous-acteurs-des-savoie.coop/"},{"@type":"ListItem","position":2,"name":"Évènements","item":"https://www.tous-acteurs-des-savoie.coop/evenements/"},{"@type":"ListItem","position":3,"name":"CHAMONIX PHOTO FESTIVAL"}]},{"@type":"WebSite","@id":"https://www.tous-acteurs-des-savoie.coop/#website","url":"https://www.tous-acteurs-des-savoie.coop/","name":"Tous Acteurs des Savoie","description":"","potentialAction":[{"@type":"SearchAction","target":{"@type":"EntryPoint","urlTemplate":"https://www.tous-acteurs-des-savoie.coop/?s={search_term_string}"},"query-input":{"@type":"PropertyValueSpecification","valueRequired":true,"valueName":"search_term_string"}}],"inLanguage":"fr-FR"}]}</script>
<!-- / Yoast SEO plugin. -->

a:6:{s:10:"event_date";s:8:"20251031";s:14:"event_date_end";s:8:"20251102";s:7:"address";b:0;s:5:"cover";a:4:{s:3:"img";i:7895;s:8:"img-size";s:7:"contain";s:5:"title";s:56:"3ème édition &#8211; Chamonix photo festival ";s:11:"button_link";a:2:{s:4:"text";s:24:"Retrouvez le programme :";s:3:"url";a:1:{i:0;a:2:{s:13:"acf_fc_layout";s:8:"external";s:3:"url";s:50:"https://www.chamonixphotofestival.com/programme-2/";}}}}s:5:"intro";a:1:{s:5:"intro";s:708:"Chamonix Photo Festival revient pour une 3ème édition, du vendredi 31 octobre au dimanche 2 novembre 2025. Le temps d&rsquo;un week-end, Chamonix devient la capitale de l&rsquo;image et de la photo nature. Au programme : expositions, projections, rencontres, concours, masterclass et ateliers enfants. Un festival immersif dédié à la nature, à ceux qui la racontent et à ceux qui la défendent. En tant que banque coopérative et de proximité, le Crédit Agricole des Savoie est fier de mettre en lumière les valeurs locales et l&rsquo;authenticité de notre territoire. Venez tous partager ce moment unique. &nbsp; ";}s:6:"blocks";b:0;}

Évènements
