{"id":4485,"date":"2023-08-28T15:31:30","date_gmt":"2023-08-28T13:31:30","guid":{"rendered":"https:\/\/www.tous-acteurs-des-savoie.coop\/?post_type=event&#038;p=4485"},"modified":"2023-08-28T15:32:07","modified_gmt":"2023-08-28T13:32:07","slug":"petit-dejeuner-de-reseautage-entre-artisans-et-entrepreneurs-locaux-octobre-2023","status":"publish","type":"event","link":"https:\/\/www.tous-acteurs-des-savoie.coop\/evenements\/petit-dejeuner-de-reseautage-entre-artisans-et-entrepreneurs-locaux-octobre-2023\/","title":{"rendered":"Petit d\u00e9jeuner de r\u00e9seautage entre artisans et entrepreneurs locaux octobre 2023"},"template":"","categories":[118],"class_list":["post-4485","event","type-event","status-publish","hentry","category-entreprise"],"acf":[],"yoast_head":"<!-- This site is optimized with the Yoast SEO plugin v23.4 - https:\/\/yoast.com\/wordpress\/plugins\/seo\/ -->\n<title>Petit d\u00e9jeuner de r\u00e9seautage entre artisans et entrepreneurs locaux octobre 2023 - Tous Acteurs des Savoie<\/title>\n<meta name=\"robots\" content=\"index, follow, max-snippet:-1, max-image-preview:large, max-video-preview:-1\" \/>\n<link rel=\"canonical\" href=\"https:\/\/www.tous-acteurs-des-savoie.coop\/evenements\/petit-dejeuner-de-reseautage-entre-artisans-et-entrepreneurs-locaux-octobre-2023\/\" \/>\n<meta property=\"og:locale\" content=\"fr_FR\" \/>\n<meta property=\"og:type\" content=\"article\" \/>\n<meta property=\"og:title\" content=\"Petit d\u00e9jeuner de r\u00e9seautage entre artisans et entrepreneurs locaux octobre 2023 - Tous Acteurs des Savoie\" \/>\n<meta property=\"og:description\" content=\"a:6:{s:10:&quot;event_date&quot;;s:8:&quot;20231013&quot;;s:14:&quot;event_date_end&quot;;s:8:&quot;20231013&quot;;s:7:&quot;address&quot;;b:0;s:5:&quot;cover&quot;;a:4:{s:3:&quot;img&quot;;i:4050;s:8:&quot;img-size&quot;;s:7:&quot;contain&quot;;s:5:&quot;title&quot;;s:93:&quot;Petit d\u00e9jeuner de r\u00e9seautage entre artisans et entrepreneurs locaux &quot;;s:11:&quot;button_link&quot;;a:2:{s:4:&quot;text&quot;;s:13:&quot;Site officiel&quot;;s:3:&quot;url&quot;;a:1:{i:0;a:2:{s:13:&quot;acf_fc_layout&quot;;s:8:&quot;external&quot;;s:3:&quot;url&quot;;s:105:&quot;https:\/\/www.cma-hautesavoie.fr\/agenda\/petit-dejeuner-de-reseautage-entre-artisans-et-entrepreneurs-locaux&quot;;}}}}s:5:&quot;intro&quot;;a:1:{s:5:&quot;intro&quot;;s:385:&quot;La Chambre de M\u00e9tiers et de l\u2019Artisanat de la Haute-Savoie, en partenariat avec le Cr\u00e9dit Agricole des Savoie, vous invite \u00e0 participer au premier petit-d\u00e9jeuner\u00a0de r\u00e9seautage\u00a0entre artisans et entrepreneurs locaux de l&rsquo;ann\u00e9e ! Inscrivez-vous \u00e0 notre prochaine rencontre le vendredi 13 octobre 2023 de 8h30 \u00e0 10h, \u00e0 la CMA de la Haute-Savoie \u00e0 Annecy. &quot;;}s:6:&quot;blocks&quot;;a:1:{i:0;a:4:{s:13:&quot;acf_fc_layout&quot;;s:4:&quot;text&quot;;s:14:&quot;text_text-move&quot;;b:0;s:14:&quot;text_text-size&quot;;s:1:&quot;9&quot;;s:9:&quot;text_text&quot;;s:468:&quot;Au programme Echangez avec des entrepreneurs et cr\u00e9ateurs locaux, potentiels clients, partenaires ou fournisseurs Partagez un moment de convivialit\u00e9 autour d&rsquo;un petit d\u00e9jeuner Rencontrez nos \u00e9quipes de conseillers experts de la CMA, \u00e0 vos c\u00f4t\u00e9s pour faire grandir votre projet et votre entreprise D\u00e9couvrez la th\u00e9matique du jour : \u00ab\u00a0Comment bien pitcher mon entreprise ?\u00a0\u00bb &quot;;}}}\" \/>\n<meta property=\"og:url\" content=\"https:\/\/www.tous-acteurs-des-savoie.coop\/evenements\/petit-dejeuner-de-reseautage-entre-artisans-et-entrepreneurs-locaux-octobre-2023\/\" \/>\n<meta property=\"og:site_name\" content=\"Tous Acteurs des Savoie\" \/>\n<meta property=\"article:modified_time\" content=\"2023-08-28T13:32:07+00:00\" \/>\n<meta name=\"twitter:card\" content=\"summary_large_image\" \/>\n<script type=\"application\/ld+json\" class=\"yoast-schema-graph\">{\"@context\":\"https:\/\/schema.org\",\"@graph\":[{\"@type\":\"WebPage\",\"@id\":\"https:\/\/www.tous-acteurs-des-savoie.coop\/evenements\/petit-dejeuner-de-reseautage-entre-artisans-et-entrepreneurs-locaux-octobre-2023\/\",\"url\":\"https:\/\/www.tous-acteurs-des-savoie.coop\/evenements\/petit-dejeuner-de-reseautage-entre-artisans-et-entrepreneurs-locaux-octobre-2023\/\",\"name\":\"Petit d\u00e9jeuner de r\u00e9seautage entre artisans et entrepreneurs locaux octobre 2023 - Tous Acteurs des Savoie\",\"isPartOf\":{\"@id\":\"https:\/\/www.tous-acteurs-des-savoie.coop\/#website\"},\"datePublished\":\"2023-08-28T13:31:30+00:00\",\"dateModified\":\"2023-08-28T13:32:07+00:00\",\"breadcrumb\":{\"@id\":\"https:\/\/www.tous-acteurs-des-savoie.coop\/evenements\/petit-dejeuner-de-reseautage-entre-artisans-et-entrepreneurs-locaux-octobre-2023\/#breadcrumb\"},\"inLanguage\":\"fr-FR\",\"potentialAction\":[{\"@type\":\"ReadAction\",\"target\":[\"https:\/\/www.tous-acteurs-des-savoie.coop\/evenements\/petit-dejeuner-de-reseautage-entre-artisans-et-entrepreneurs-locaux-octobre-2023\/\"]}]},{\"@type\":\"BreadcrumbList\",\"@id\":\"https:\/\/www.tous-acteurs-des-savoie.coop\/evenements\/petit-dejeuner-de-reseautage-entre-artisans-et-entrepreneurs-locaux-octobre-2023\/#breadcrumb\",\"itemListElement\":[{\"@type\":\"ListItem\",\"position\":1,\"name\":\"Home\",\"item\":\"https:\/\/www.tous-acteurs-des-savoie.coop\/\"},{\"@type\":\"ListItem\",\"position\":2,\"name\":\"\u00c9v\u00e8nements\",\"item\":\"https:\/\/www.tous-acteurs-des-savoie.coop\/evenements\/\"},{\"@type\":\"ListItem\",\"position\":3,\"name\":\"Petit d\u00e9jeuner de r\u00e9seautage entre artisans et entrepreneurs locaux octobre 2023\"}]},{\"@type\":\"WebSite\",\"@id\":\"https:\/\/www.tous-acteurs-des-savoie.coop\/#website\",\"url\":\"https:\/\/www.tous-acteurs-des-savoie.coop\/\",\"name\":\"Tous Acteurs des Savoie\",\"description\":\"\",\"potentialAction\":[{\"@type\":\"SearchAction\",\"target\":{\"@type\":\"EntryPoint\",\"urlTemplate\":\"https:\/\/www.tous-acteurs-des-savoie.coop\/?s={search_term_string}\"},\"query-input\":{\"@type\":\"PropertyValueSpecification\",\"valueRequired\":true,\"valueName\":\"search_term_string\"}}],\"inLanguage\":\"fr-FR\"}]}<\/script>\n<!-- \/ Yoast SEO plugin. -->","yoast_head_json":{"title":"Petit d\u00e9jeuner de r\u00e9seautage entre artisans et entrepreneurs locaux octobre 2023 - Tous Acteurs des Savoie","robots":{"index":"index","follow":"follow","max-snippet":"max-snippet:-1","max-image-preview":"max-image-preview:large","max-video-preview":"max-video-preview:-1"},"canonical":"https:\/\/www.tous-acteurs-des-savoie.coop\/evenements\/petit-dejeuner-de-reseautage-entre-artisans-et-entrepreneurs-locaux-octobre-2023\/","og_locale":"fr_FR","og_type":"article","og_title":"Petit d\u00e9jeuner de r\u00e9seautage entre artisans et entrepreneurs locaux octobre 2023 - Tous Acteurs des Savoie","og_description":"a:6:{s:10:\"event_date\";s:8:\"20231013\";s:14:\"event_date_end\";s:8:\"20231013\";s:7:\"address\";b:0;s:5:\"cover\";a:4:{s:3:\"img\";i:4050;s:8:\"img-size\";s:7:\"contain\";s:5:\"title\";s:93:\"Petit d\u00e9jeuner de r\u00e9seautage entre artisans et entrepreneurs locaux \";s:11:\"button_link\";a:2:{s:4:\"text\";s:13:\"Site officiel\";s:3:\"url\";a:1:{i:0;a:2:{s:13:\"acf_fc_layout\";s:8:\"external\";s:3:\"url\";s:105:\"https:\/\/www.cma-hautesavoie.fr\/agenda\/petit-dejeuner-de-reseautage-entre-artisans-et-entrepreneurs-locaux\";}}}}s:5:\"intro\";a:1:{s:5:\"intro\";s:385:\"La Chambre de M\u00e9tiers et de l\u2019Artisanat de la Haute-Savoie, en partenariat avec le Cr\u00e9dit Agricole des Savoie, vous invite \u00e0 participer au premier petit-d\u00e9jeuner\u00a0de r\u00e9seautage\u00a0entre artisans et entrepreneurs locaux de l&rsquo;ann\u00e9e ! Inscrivez-vous \u00e0 notre prochaine rencontre le vendredi 13 octobre 2023 de 8h30 \u00e0 10h, \u00e0 la CMA de la Haute-Savoie \u00e0 Annecy. \";}s:6:\"blocks\";a:1:{i:0;a:4:{s:13:\"acf_fc_layout\";s:4:\"text\";s:14:\"text_text-move\";b:0;s:14:\"text_text-size\";s:1:\"9\";s:9:\"text_text\";s:468:\"Au programme Echangez avec des entrepreneurs et cr\u00e9ateurs locaux, potentiels clients, partenaires ou fournisseurs Partagez un moment de convivialit\u00e9 autour d&rsquo;un petit d\u00e9jeuner Rencontrez nos \u00e9quipes de conseillers experts de la CMA, \u00e0 vos c\u00f4t\u00e9s pour faire grandir votre projet et votre entreprise D\u00e9couvrez la th\u00e9matique du jour : \u00ab\u00a0Comment bien pitcher mon entreprise ?\u00a0\u00bb \";}}}","og_url":"https:\/\/www.tous-acteurs-des-savoie.coop\/evenements\/petit-dejeuner-de-reseautage-entre-artisans-et-entrepreneurs-locaux-octobre-2023\/","og_site_name":"Tous Acteurs des Savoie","article_modified_time":"2023-08-28T13:32:07+00:00","twitter_card":"summary_large_image","schema":{"@context":"https:\/\/schema.org","@graph":[{"@type":"WebPage","@id":"https:\/\/www.tous-acteurs-des-savoie.coop\/evenements\/petit-dejeuner-de-reseautage-entre-artisans-et-entrepreneurs-locaux-octobre-2023\/","url":"https:\/\/www.tous-acteurs-des-savoie.coop\/evenements\/petit-dejeuner-de-reseautage-entre-artisans-et-entrepreneurs-locaux-octobre-2023\/","name":"Petit d\u00e9jeuner de r\u00e9seautage entre artisans et entrepreneurs locaux octobre 2023 - Tous Acteurs des Savoie","isPartOf":{"@id":"https:\/\/www.tous-acteurs-des-savoie.coop\/#website"},"datePublished":"2023-08-28T13:31:30+00:00","dateModified":"2023-08-28T13:32:07+00:00","breadcrumb":{"@id":"https:\/\/www.tous-acteurs-des-savoie.coop\/evenements\/petit-dejeuner-de-reseautage-entre-artisans-et-entrepreneurs-locaux-octobre-2023\/#breadcrumb"},"inLanguage":"fr-FR","potentialAction":[{"@type":"ReadAction","target":["https:\/\/www.tous-acteurs-des-savoie.coop\/evenements\/petit-dejeuner-de-reseautage-entre-artisans-et-entrepreneurs-locaux-octobre-2023\/"]}]},{"@type":"BreadcrumbList","@id":"https:\/\/www.tous-acteurs-des-savoie.coop\/evenements\/petit-dejeuner-de-reseautage-entre-artisans-et-entrepreneurs-locaux-octobre-2023\/#breadcrumb","itemListElement":[{"@type":"ListItem","position":1,"name":"Home","item":"https:\/\/www.tous-acteurs-des-savoie.coop\/"},{"@type":"ListItem","position":2,"name":"\u00c9v\u00e8nements","item":"https:\/\/www.tous-acteurs-des-savoie.coop\/evenements\/"},{"@type":"ListItem","position":3,"name":"Petit d\u00e9jeuner de r\u00e9seautage entre artisans et entrepreneurs locaux octobre 2023"}]},{"@type":"WebSite","@id":"https:\/\/www.tous-acteurs-des-savoie.coop\/#website","url":"https:\/\/www.tous-acteurs-des-savoie.coop\/","name":"Tous Acteurs des Savoie","description":"","potentialAction":[{"@type":"SearchAction","target":{"@type":"EntryPoint","urlTemplate":"https:\/\/www.tous-acteurs-des-savoie.coop\/?s={search_term_string}"},"query-input":{"@type":"PropertyValueSpecification","valueRequired":true,"valueName":"search_term_string"}}],"inLanguage":"fr-FR"}]}},"_links":{"self":[{"href":"https:\/\/www.tous-acteurs-des-savoie.coop\/tads-api\/wp\/v2\/event\/4485","targetHints":{"allow":["GET"]}}],"collection":[{"href":"https:\/\/www.tous-acteurs-des-savoie.coop\/tads-api\/wp\/v2\/event"}],"about":[{"href":"https:\/\/www.tous-acteurs-des-savoie.coop\/tads-api\/wp\/v2\/types\/event"}],"wp:attachment":[{"href":"https:\/\/www.tous-acteurs-des-savoie.coop\/tads-api\/wp\/v2\/media?parent=4485"}],"wp:term":[{"taxonomy":"category","embeddable":true,"href":"https:\/\/www.tous-acteurs-des-savoie.coop\/tads-api\/wp\/v2\/categories?post=4485"}],"curies":[{"name":"wp","href":"https:\/\/api.w.org\/{rel}","templated":true}]}}

Petit déjeuner de réseautage entre artisans et entrepreneurs locaux octobre 2023

<!-- This site is optimized with the Yoast SEO plugin v23.4 - https://yoast.com/wordpress/plugins/seo/ -->
<title>Petit déjeuner de réseautage entre artisans et entrepreneurs locaux octobre 2023 - Tous Acteurs des Savoie</title>
<meta name="robots" content="index, follow, max-snippet:-1, max-image-preview:large, max-video-preview:-1" />
<link rel="canonical" href="https://www.tous-acteurs-des-savoie.coop/evenements/petit-dejeuner-de-reseautage-entre-artisans-et-entrepreneurs-locaux-octobre-2023/" />
<meta property="og:locale" content="fr_FR" />
<meta property="og:type" content="article" />
<meta property="og:title" content="Petit déjeuner de réseautage entre artisans et entrepreneurs locaux octobre 2023 - Tous Acteurs des Savoie" />
<meta property="og:description" content="a:6:{s:10:&quot;event_date&quot;;s:8:&quot;20231013&quot;;s:14:&quot;event_date_end&quot;;s:8:&quot;20231013&quot;;s:7:&quot;address&quot;;b:0;s:5:&quot;cover&quot;;a:4:{s:3:&quot;img&quot;;i:4050;s:8:&quot;img-size&quot;;s:7:&quot;contain&quot;;s:5:&quot;title&quot;;s:93:&quot;Petit déjeuner de réseautage entre artisans et entrepreneurs locaux &quot;;s:11:&quot;button_link&quot;;a:2:{s:4:&quot;text&quot;;s:13:&quot;Site officiel&quot;;s:3:&quot;url&quot;;a:1:{i:0;a:2:{s:13:&quot;acf_fc_layout&quot;;s:8:&quot;external&quot;;s:3:&quot;url&quot;;s:105:&quot;https://www.cma-hautesavoie.fr/agenda/petit-dejeuner-de-reseautage-entre-artisans-et-entrepreneurs-locaux&quot;;}}}}s:5:&quot;intro&quot;;a:1:{s:5:&quot;intro&quot;;s:385:&quot;La Chambre de Métiers et de l’Artisanat de la Haute-Savoie, en partenariat avec le Crédit Agricole des Savoie, vous invite à participer au premier petit-déjeuner de réseautage entre artisans et entrepreneurs locaux de l&rsquo;année ! Inscrivez-vous à notre prochaine rencontre le vendredi 13 octobre 2023 de 8h30 à 10h, à la CMA de la Haute-Savoie à Annecy. &quot;;}s:6:&quot;blocks&quot;;a:1:{i:0;a:4:{s:13:&quot;acf_fc_layout&quot;;s:4:&quot;text&quot;;s:14:&quot;text_text-move&quot;;b:0;s:14:&quot;text_text-size&quot;;s:1:&quot;9&quot;;s:9:&quot;text_text&quot;;s:468:&quot;Au programme Echangez avec des entrepreneurs et créateurs locaux, potentiels clients, partenaires ou fournisseurs Partagez un moment de convivialité autour d&rsquo;un petit déjeuner Rencontrez nos équipes de conseillers experts de la CMA, à vos côtés pour faire grandir votre projet et votre entreprise Découvrez la thématique du jour : « Comment bien pitcher mon entreprise ? » &quot;;}}}" />
<meta property="og:url" content="https://www.tous-acteurs-des-savoie.coop/evenements/petit-dejeuner-de-reseautage-entre-artisans-et-entrepreneurs-locaux-octobre-2023/" />
<meta property="og:site_name" content="Tous Acteurs des Savoie" />
<meta property="article:modified_time" content="2023-08-28T13:32:07+00:00" />
<meta name="twitter:card" content="summary_large_image" />
<script type="application/ld+json" class="yoast-schema-graph">{"@context":"https://schema.org","@graph":[{"@type":"WebPage","@id":"https://www.tous-acteurs-des-savoie.coop/evenements/petit-dejeuner-de-reseautage-entre-artisans-et-entrepreneurs-locaux-octobre-2023/","url":"https://www.tous-acteurs-des-savoie.coop/evenements/petit-dejeuner-de-reseautage-entre-artisans-et-entrepreneurs-locaux-octobre-2023/","name":"Petit déjeuner de réseautage entre artisans et entrepreneurs locaux octobre 2023 - Tous Acteurs des Savoie","isPartOf":{"@id":"https://www.tous-acteurs-des-savoie.coop/#website"},"datePublished":"2023-08-28T13:31:30+00:00","dateModified":"2023-08-28T13:32:07+00:00","breadcrumb":{"@id":"https://www.tous-acteurs-des-savoie.coop/evenements/petit-dejeuner-de-reseautage-entre-artisans-et-entrepreneurs-locaux-octobre-2023/#breadcrumb"},"inLanguage":"fr-FR","potentialAction":[{"@type":"ReadAction","target":["https://www.tous-acteurs-des-savoie.coop/evenements/petit-dejeuner-de-reseautage-entre-artisans-et-entrepreneurs-locaux-octobre-2023/"]}]},{"@type":"BreadcrumbList","@id":"https://www.tous-acteurs-des-savoie.coop/evenements/petit-dejeuner-de-reseautage-entre-artisans-et-entrepreneurs-locaux-octobre-2023/#breadcrumb","itemListElement":[{"@type":"ListItem","position":1,"name":"Home","item":"https://www.tous-acteurs-des-savoie.coop/"},{"@type":"ListItem","position":2,"name":"Évènements","item":"https://www.tous-acteurs-des-savoie.coop/evenements/"},{"@type":"ListItem","position":3,"name":"Petit déjeuner de réseautage entre artisans et entrepreneurs locaux octobre 2023"}]},{"@type":"WebSite","@id":"https://www.tous-acteurs-des-savoie.coop/#website","url":"https://www.tous-acteurs-des-savoie.coop/","name":"Tous Acteurs des Savoie","description":"","potentialAction":[{"@type":"SearchAction","target":{"@type":"EntryPoint","urlTemplate":"https://www.tous-acteurs-des-savoie.coop/?s={search_term_string}"},"query-input":{"@type":"PropertyValueSpecification","valueRequired":true,"valueName":"search_term_string"}}],"inLanguage":"fr-FR"}]}</script>
<!-- / Yoast SEO plugin. -->

Petit déjeuner de réseautage entre artisans et entrepreneurs locaux octobre 2023 - Tous Acteurs des Savoie

a:6:{s:10:"event_date";s:8:"20231013";s:14:"event_date_end";s:8:"20231013";s:7:"address";b:0;s:5:"cover";a:4:{s:3:"img";i:4050;s:8:"img-size";s:7:"contain";s:5:"title";s:93:"Petit déjeuner de réseautage entre artisans et entrepreneurs locaux ";s:11:"button_link";a:2:{s:4:"text";s:13:"Site officiel";s:3:"url";a:1:{i:0;a:2:{s:13:"acf_fc_layout";s:8:"external";s:3:"url";s:105:"https://www.cma-hautesavoie.fr/agenda/petit-dejeuner-de-reseautage-entre-artisans-et-entrepreneurs-locaux";}}}}s:5:"intro";a:1:{s:5:"intro";s:385:"La Chambre de Métiers et de l’Artisanat de la Haute-Savoie, en partenariat avec le Crédit Agricole des Savoie, vous invite à participer au premier petit-déjeuner de réseautage entre artisans et entrepreneurs locaux de l&rsquo;année ! Inscrivez-vous à notre prochaine rencontre le vendredi 13 octobre 2023 de 8h30 à 10h, à la CMA de la Haute-Savoie à Annecy. ";}s:6:"blocks";a:1:{i:0;a:4:{s:13:"acf_fc_layout";s:4:"text";s:14:"text_text-move";b:0;s:14:"text_text-size";s:1:"9";s:9:"text_text";s:468:"Au programme Echangez avec des entrepreneurs et créateurs locaux, potentiels clients, partenaires ou fournisseurs Partagez un moment de convivialité autour d&rsquo;un petit déjeuner Rencontrez nos équipes de conseillers experts de la CMA, à vos côtés pour faire grandir votre projet et votre entreprise Découvrez la thématique du jour : « Comment bien pitcher mon entreprise ? » ";}}}

Évènements
