{"id":2758,"date":"2022-09-23T16:24:44","date_gmt":"2022-09-23T14:24:44","guid":{"rendered":"https:\/\/www.tous-acteurs-des-savoie.coop\/?post_type=event&#038;p=2758"},"modified":"2022-09-23T16:28:41","modified_gmt":"2022-09-23T14:28:41","slug":"festival-livres-en-marches2022","status":"publish","type":"event","link":"https:\/\/www.tous-acteurs-des-savoie.coop\/evenements\/festival-livres-en-marches2022\/","title":{"rendered":"Festival livres en marches"},"template":"","categories":[111],"class_list":["post-2758","event","type-event","status-publish","hentry","category-patrimoine"],"acf":[],"yoast_head":"<!-- This site is optimized with the Yoast SEO plugin v23.4 - https:\/\/yoast.com\/wordpress\/plugins\/seo\/ -->\n<title>Festival livres en marches - Tous Acteurs des Savoie<\/title>\n<meta name=\"robots\" content=\"index, follow, max-snippet:-1, max-image-preview:large, max-video-preview:-1\" \/>\n<link rel=\"canonical\" href=\"https:\/\/www.tous-acteurs-des-savoie.coop\/evenements\/festival-livres-en-marches2022\/\" \/>\n<meta property=\"og:locale\" content=\"fr_FR\" \/>\n<meta property=\"og:type\" content=\"article\" \/>\n<meta property=\"og:title\" content=\"Festival livres en marches - Tous Acteurs des Savoie\" \/>\n<meta property=\"og:description\" content=\"a:6:{s:10:&quot;event_date&quot;;s:8:&quot;20220924&quot;;s:14:&quot;event_date_end&quot;;s:8:&quot;20220925&quot;;s:7:&quot;address&quot;;a:10:{s:7:&quot;address&quot;;s:36:&quot;Les Marches, Porte-de-Savoie, France&quot;;s:3:&quot;lat&quot;;d:45.498866;s:3:&quot;lng&quot;;d:6.000293;s:4:&quot;zoom&quot;;i:12;s:8:&quot;place_id&quot;;s:27:&quot;ChIJpYNVil6si0cRELG65CqrCAQ&quot;;s:4:&quot;name&quot;;s:11:&quot;Les Marches&quot;;s:4:&quot;city&quot;;s:15:&quot;Porte-de-Savoie&quot;;s:5:&quot;state&quot;;s:21:&quot;Auvergne-Rh\u00f4ne-Alpes&quot;;s:7:&quot;country&quot;;s:6:&quot;France&quot;;s:13:&quot;country_short&quot;;s:2:&quot;FR&quot;;}s:5:&quot;cover&quot;;a:4:{s:3:&quot;img&quot;;i:2759;s:8:&quot;img-size&quot;;s:7:&quot;contain&quot;;s:5:&quot;title&quot;;s:36:&quot;Festival Livres en Marches &quot;;s:11:&quot;button_link&quot;;a:2:{s:4:&quot;text&quot;;s:13:&quot;Site officiel&quot;;s:3:&quot;url&quot;;a:1:{i:0;a:2:{s:13:&quot;acf_fc_layout&quot;;s:8:&quot;external&quot;;s:3:&quot;url&quot;;s:28:&quot;https:\/\/livresenmarches.com\/&quot;;}}}}s:5:&quot;intro&quot;;a:1:{s:5:&quot;intro&quot;;s:73:&quot;Ne manquez pas l&rsquo;\u00e9dition 2022, un festival de rencontres ! &quot;;}s:6:&quot;blocks&quot;;a:1:{i:0;a:4:{s:13:&quot;acf_fc_layout&quot;;s:4:&quot;text&quot;;s:14:&quot;text_text-move&quot;;b:0;s:14:&quot;text_text-size&quot;;s:1:&quot;9&quot;;s:9:&quot;text_text&quot;;s:481:&quot;Depuis plus de 20 ans, l\u2019un des rendez-vous majeurs du livre en Rh\u00f4ne-Alpes. Imagin\u00e9 dans la commune de Les Marches (devenue Porte-de-Savoie) pr\u00e8s de Chamb\u00e9ry, le Festival ancre sa programmation autour des enjeux soci\u00e9taux : rendre accessible les id\u00e9es nouvelles au plus grand nombre sensibiliser les g\u00e9n\u00e9rations au dialogue impulser le changement en nourrissant les esprits &quot;;}}}\" \/>\n<meta property=\"og:url\" content=\"https:\/\/www.tous-acteurs-des-savoie.coop\/evenements\/festival-livres-en-marches2022\/\" \/>\n<meta property=\"og:site_name\" content=\"Tous Acteurs des Savoie\" \/>\n<meta property=\"article:modified_time\" content=\"2022-09-23T14:28:41+00:00\" \/>\n<meta name=\"twitter:card\" content=\"summary_large_image\" \/>\n<script type=\"application\/ld+json\" class=\"yoast-schema-graph\">{\"@context\":\"https:\/\/schema.org\",\"@graph\":[{\"@type\":\"WebPage\",\"@id\":\"https:\/\/www.tous-acteurs-des-savoie.coop\/evenements\/festival-livres-en-marches2022\/\",\"url\":\"https:\/\/www.tous-acteurs-des-savoie.coop\/evenements\/festival-livres-en-marches2022\/\",\"name\":\"Festival livres en marches - Tous Acteurs des Savoie\",\"isPartOf\":{\"@id\":\"https:\/\/www.tous-acteurs-des-savoie.coop\/#website\"},\"datePublished\":\"2022-09-23T14:24:44+00:00\",\"dateModified\":\"2022-09-23T14:28:41+00:00\",\"breadcrumb\":{\"@id\":\"https:\/\/www.tous-acteurs-des-savoie.coop\/evenements\/festival-livres-en-marches2022\/#breadcrumb\"},\"inLanguage\":\"fr-FR\",\"potentialAction\":[{\"@type\":\"ReadAction\",\"target\":[\"https:\/\/www.tous-acteurs-des-savoie.coop\/evenements\/festival-livres-en-marches2022\/\"]}]},{\"@type\":\"BreadcrumbList\",\"@id\":\"https:\/\/www.tous-acteurs-des-savoie.coop\/evenements\/festival-livres-en-marches2022\/#breadcrumb\",\"itemListElement\":[{\"@type\":\"ListItem\",\"position\":1,\"name\":\"Home\",\"item\":\"https:\/\/www.tous-acteurs-des-savoie.coop\/\"},{\"@type\":\"ListItem\",\"position\":2,\"name\":\"\u00c9v\u00e8nements\",\"item\":\"https:\/\/www.tous-acteurs-des-savoie.coop\/evenements\/\"},{\"@type\":\"ListItem\",\"position\":3,\"name\":\"Festival livres en marches\"}]},{\"@type\":\"WebSite\",\"@id\":\"https:\/\/www.tous-acteurs-des-savoie.coop\/#website\",\"url\":\"https:\/\/www.tous-acteurs-des-savoie.coop\/\",\"name\":\"Tous Acteurs des Savoie\",\"description\":\"\",\"potentialAction\":[{\"@type\":\"SearchAction\",\"target\":{\"@type\":\"EntryPoint\",\"urlTemplate\":\"https:\/\/www.tous-acteurs-des-savoie.coop\/?s={search_term_string}\"},\"query-input\":{\"@type\":\"PropertyValueSpecification\",\"valueRequired\":true,\"valueName\":\"search_term_string\"}}],\"inLanguage\":\"fr-FR\"}]}<\/script>\n<!-- \/ Yoast SEO plugin. -->","yoast_head_json":{"title":"Festival livres en marches - Tous Acteurs des Savoie","robots":{"index":"index","follow":"follow","max-snippet":"max-snippet:-1","max-image-preview":"max-image-preview:large","max-video-preview":"max-video-preview:-1"},"canonical":"https:\/\/www.tous-acteurs-des-savoie.coop\/evenements\/festival-livres-en-marches2022\/","og_locale":"fr_FR","og_type":"article","og_title":"Festival livres en marches - Tous Acteurs des Savoie","og_description":"a:6:{s:10:\"event_date\";s:8:\"20220924\";s:14:\"event_date_end\";s:8:\"20220925\";s:7:\"address\";a:10:{s:7:\"address\";s:36:\"Les Marches, Porte-de-Savoie, France\";s:3:\"lat\";d:45.498866;s:3:\"lng\";d:6.000293;s:4:\"zoom\";i:12;s:8:\"place_id\";s:27:\"ChIJpYNVil6si0cRELG65CqrCAQ\";s:4:\"name\";s:11:\"Les Marches\";s:4:\"city\";s:15:\"Porte-de-Savoie\";s:5:\"state\";s:21:\"Auvergne-Rh\u00f4ne-Alpes\";s:7:\"country\";s:6:\"France\";s:13:\"country_short\";s:2:\"FR\";}s:5:\"cover\";a:4:{s:3:\"img\";i:2759;s:8:\"img-size\";s:7:\"contain\";s:5:\"title\";s:36:\"Festival Livres en Marches \";s:11:\"button_link\";a:2:{s:4:\"text\";s:13:\"Site officiel\";s:3:\"url\";a:1:{i:0;a:2:{s:13:\"acf_fc_layout\";s:8:\"external\";s:3:\"url\";s:28:\"https:\/\/livresenmarches.com\/\";}}}}s:5:\"intro\";a:1:{s:5:\"intro\";s:73:\"Ne manquez pas l&rsquo;\u00e9dition 2022, un festival de rencontres ! \";}s:6:\"blocks\";a:1:{i:0;a:4:{s:13:\"acf_fc_layout\";s:4:\"text\";s:14:\"text_text-move\";b:0;s:14:\"text_text-size\";s:1:\"9\";s:9:\"text_text\";s:481:\"Depuis plus de 20 ans, l\u2019un des rendez-vous majeurs du livre en Rh\u00f4ne-Alpes. Imagin\u00e9 dans la commune de Les Marches (devenue Porte-de-Savoie) pr\u00e8s de Chamb\u00e9ry, le Festival ancre sa programmation autour des enjeux soci\u00e9taux : rendre accessible les id\u00e9es nouvelles au plus grand nombre sensibiliser les g\u00e9n\u00e9rations au dialogue impulser le changement en nourrissant les esprits \";}}}","og_url":"https:\/\/www.tous-acteurs-des-savoie.coop\/evenements\/festival-livres-en-marches2022\/","og_site_name":"Tous Acteurs des Savoie","article_modified_time":"2022-09-23T14:28:41+00:00","twitter_card":"summary_large_image","schema":{"@context":"https:\/\/schema.org","@graph":[{"@type":"WebPage","@id":"https:\/\/www.tous-acteurs-des-savoie.coop\/evenements\/festival-livres-en-marches2022\/","url":"https:\/\/www.tous-acteurs-des-savoie.coop\/evenements\/festival-livres-en-marches2022\/","name":"Festival livres en marches - Tous Acteurs des Savoie","isPartOf":{"@id":"https:\/\/www.tous-acteurs-des-savoie.coop\/#website"},"datePublished":"2022-09-23T14:24:44+00:00","dateModified":"2022-09-23T14:28:41+00:00","breadcrumb":{"@id":"https:\/\/www.tous-acteurs-des-savoie.coop\/evenements\/festival-livres-en-marches2022\/#breadcrumb"},"inLanguage":"fr-FR","potentialAction":[{"@type":"ReadAction","target":["https:\/\/www.tous-acteurs-des-savoie.coop\/evenements\/festival-livres-en-marches2022\/"]}]},{"@type":"BreadcrumbList","@id":"https:\/\/www.tous-acteurs-des-savoie.coop\/evenements\/festival-livres-en-marches2022\/#breadcrumb","itemListElement":[{"@type":"ListItem","position":1,"name":"Home","item":"https:\/\/www.tous-acteurs-des-savoie.coop\/"},{"@type":"ListItem","position":2,"name":"\u00c9v\u00e8nements","item":"https:\/\/www.tous-acteurs-des-savoie.coop\/evenements\/"},{"@type":"ListItem","position":3,"name":"Festival livres en marches"}]},{"@type":"WebSite","@id":"https:\/\/www.tous-acteurs-des-savoie.coop\/#website","url":"https:\/\/www.tous-acteurs-des-savoie.coop\/","name":"Tous Acteurs des Savoie","description":"","potentialAction":[{"@type":"SearchAction","target":{"@type":"EntryPoint","urlTemplate":"https:\/\/www.tous-acteurs-des-savoie.coop\/?s={search_term_string}"},"query-input":{"@type":"PropertyValueSpecification","valueRequired":true,"valueName":"search_term_string"}}],"inLanguage":"fr-FR"}]}},"_links":{"self":[{"href":"https:\/\/www.tous-acteurs-des-savoie.coop\/tads-api\/wp\/v2\/event\/2758","targetHints":{"allow":["GET"]}}],"collection":[{"href":"https:\/\/www.tous-acteurs-des-savoie.coop\/tads-api\/wp\/v2\/event"}],"about":[{"href":"https:\/\/www.tous-acteurs-des-savoie.coop\/tads-api\/wp\/v2\/types\/event"}],"wp:attachment":[{"href":"https:\/\/www.tous-acteurs-des-savoie.coop\/tads-api\/wp\/v2\/media?parent=2758"}],"wp:term":[{"taxonomy":"category","embeddable":true,"href":"https:\/\/www.tous-acteurs-des-savoie.coop\/tads-api\/wp\/v2\/categories?post=2758"}],"curies":[{"name":"wp","href":"https:\/\/api.w.org\/{rel}","templated":true}]}}

<!-- This site is optimized with the Yoast SEO plugin v23.4 - https://yoast.com/wordpress/plugins/seo/ -->
<title>Festival livres en marches - Tous Acteurs des Savoie</title>
<meta name="robots" content="index, follow, max-snippet:-1, max-image-preview:large, max-video-preview:-1" />
<link rel="canonical" href="https://www.tous-acteurs-des-savoie.coop/evenements/festival-livres-en-marches2022/" />
<meta property="og:locale" content="fr_FR" />
<meta property="og:type" content="article" />
<meta property="og:title" content="Festival livres en marches - Tous Acteurs des Savoie" />
<meta property="og:description" content="a:6:{s:10:&quot;event_date&quot;;s:8:&quot;20220924&quot;;s:14:&quot;event_date_end&quot;;s:8:&quot;20220925&quot;;s:7:&quot;address&quot;;a:10:{s:7:&quot;address&quot;;s:36:&quot;Les Marches, Porte-de-Savoie, France&quot;;s:3:&quot;lat&quot;;d:45.498866;s:3:&quot;lng&quot;;d:6.000293;s:4:&quot;zoom&quot;;i:12;s:8:&quot;place_id&quot;;s:27:&quot;ChIJpYNVil6si0cRELG65CqrCAQ&quot;;s:4:&quot;name&quot;;s:11:&quot;Les Marches&quot;;s:4:&quot;city&quot;;s:15:&quot;Porte-de-Savoie&quot;;s:5:&quot;state&quot;;s:21:&quot;Auvergne-Rhône-Alpes&quot;;s:7:&quot;country&quot;;s:6:&quot;France&quot;;s:13:&quot;country_short&quot;;s:2:&quot;FR&quot;;}s:5:&quot;cover&quot;;a:4:{s:3:&quot;img&quot;;i:2759;s:8:&quot;img-size&quot;;s:7:&quot;contain&quot;;s:5:&quot;title&quot;;s:36:&quot;Festival Livres en Marches &quot;;s:11:&quot;button_link&quot;;a:2:{s:4:&quot;text&quot;;s:13:&quot;Site officiel&quot;;s:3:&quot;url&quot;;a:1:{i:0;a:2:{s:13:&quot;acf_fc_layout&quot;;s:8:&quot;external&quot;;s:3:&quot;url&quot;;s:28:&quot;https://livresenmarches.com/&quot;;}}}}s:5:&quot;intro&quot;;a:1:{s:5:&quot;intro&quot;;s:73:&quot;Ne manquez pas l&rsquo;édition 2022, un festival de rencontres ! &quot;;}s:6:&quot;blocks&quot;;a:1:{i:0;a:4:{s:13:&quot;acf_fc_layout&quot;;s:4:&quot;text&quot;;s:14:&quot;text_text-move&quot;;b:0;s:14:&quot;text_text-size&quot;;s:1:&quot;9&quot;;s:9:&quot;text_text&quot;;s:481:&quot;Depuis plus de 20 ans, l’un des rendez-vous majeurs du livre en Rhône-Alpes. Imaginé dans la commune de Les Marches (devenue Porte-de-Savoie) près de Chambéry, le Festival ancre sa programmation autour des enjeux sociétaux : rendre accessible les idées nouvelles au plus grand nombre sensibiliser les générations au dialogue impulser le changement en nourrissant les esprits &quot;;}}}" />
<meta property="og:url" content="https://www.tous-acteurs-des-savoie.coop/evenements/festival-livres-en-marches2022/" />
<meta property="og:site_name" content="Tous Acteurs des Savoie" />
<meta property="article:modified_time" content="2022-09-23T14:28:41+00:00" />
<meta name="twitter:card" content="summary_large_image" />
<script type="application/ld+json" class="yoast-schema-graph">{"@context":"https://schema.org","@graph":[{"@type":"WebPage","@id":"https://www.tous-acteurs-des-savoie.coop/evenements/festival-livres-en-marches2022/","url":"https://www.tous-acteurs-des-savoie.coop/evenements/festival-livres-en-marches2022/","name":"Festival livres en marches - Tous Acteurs des Savoie","isPartOf":{"@id":"https://www.tous-acteurs-des-savoie.coop/#website"},"datePublished":"2022-09-23T14:24:44+00:00","dateModified":"2022-09-23T14:28:41+00:00","breadcrumb":{"@id":"https://www.tous-acteurs-des-savoie.coop/evenements/festival-livres-en-marches2022/#breadcrumb"},"inLanguage":"fr-FR","potentialAction":[{"@type":"ReadAction","target":["https://www.tous-acteurs-des-savoie.coop/evenements/festival-livres-en-marches2022/"]}]},{"@type":"BreadcrumbList","@id":"https://www.tous-acteurs-des-savoie.coop/evenements/festival-livres-en-marches2022/#breadcrumb","itemListElement":[{"@type":"ListItem","position":1,"name":"Home","item":"https://www.tous-acteurs-des-savoie.coop/"},{"@type":"ListItem","position":2,"name":"Évènements","item":"https://www.tous-acteurs-des-savoie.coop/evenements/"},{"@type":"ListItem","position":3,"name":"Festival livres en marches"}]},{"@type":"WebSite","@id":"https://www.tous-acteurs-des-savoie.coop/#website","url":"https://www.tous-acteurs-des-savoie.coop/","name":"Tous Acteurs des Savoie","description":"","potentialAction":[{"@type":"SearchAction","target":{"@type":"EntryPoint","urlTemplate":"https://www.tous-acteurs-des-savoie.coop/?s={search_term_string}"},"query-input":{"@type":"PropertyValueSpecification","valueRequired":true,"valueName":"search_term_string"}}],"inLanguage":"fr-FR"}]}</script>
<!-- / Yoast SEO plugin. -->

a:6:{s:10:"event_date";s:8:"20220924";s:14:"event_date_end";s:8:"20220925";s:7:"address";a:10:{s:7:"address";s:36:"Les Marches, Porte-de-Savoie, France";s:3:"lat";d:45.498866;s:3:"lng";d:6.000293;s:4:"zoom";i:12;s:8:"place_id";s:27:"ChIJpYNVil6si0cRELG65CqrCAQ";s:4:"name";s:11:"Les Marches";s:4:"city";s:15:"Porte-de-Savoie";s:5:"state";s:21:"Auvergne-Rhône-Alpes";s:7:"country";s:6:"France";s:13:"country_short";s:2:"FR";}s:5:"cover";a:4:{s:3:"img";i:2759;s:8:"img-size";s:7:"contain";s:5:"title";s:36:"Festival Livres en Marches ";s:11:"button_link";a:2:{s:4:"text";s:13:"Site officiel";s:3:"url";a:1:{i:0;a:2:{s:13:"acf_fc_layout";s:8:"external";s:3:"url";s:28:"https://livresenmarches.com/";}}}}s:5:"intro";a:1:{s:5:"intro";s:73:"Ne manquez pas l&rsquo;édition 2022, un festival de rencontres ! ";}s:6:"blocks";a:1:{i:0;a:4:{s:13:"acf_fc_layout";s:4:"text";s:14:"text_text-move";b:0;s:14:"text_text-size";s:1:"9";s:9:"text_text";s:481:"Depuis plus de 20 ans, l’un des rendez-vous majeurs du livre en Rhône-Alpes. Imaginé dans la commune de Les Marches (devenue Porte-de-Savoie) près de Chambéry, le Festival ancre sa programmation autour des enjeux sociétaux : rendre accessible les idées nouvelles au plus grand nombre sensibiliser les générations au dialogue impulser le changement en nourrissant les esprits ";}}}

Évènements
