{"version":"1.0","provider_name":"Tous Acteurs des Savoie","provider_url":"https:\/\/www.tous-acteurs-des-savoie.coop","author_name":"evenementiel@ca-des-savoie.fr","author_url":"https:\/\/www.tous-acteurs-des-savoie.coop\/author\/evenementielca-des-savoie-fr\/","title":"CHAMONIX PHOTO FESTIVAL - Tous Acteurs des Savoie","type":"rich","width":600,"height":338,"html":"<blockquote class=\"wp-embedded-content\" data-secret=\"EutW3nb3QK\"><a href=\"https:\/\/www.tous-acteurs-des-savoie.coop\/evenements\/chamonix-photo-festival\/\">CHAMONIX PHOTO FESTIVAL<\/a><\/blockquote><iframe sandbox=\"allow-scripts\" security=\"restricted\" src=\"https:\/\/www.tous-acteurs-des-savoie.coop\/evenements\/chamonix-photo-festival\/embed\/#?secret=EutW3nb3QK\" width=\"600\" height=\"338\" title=\"\u00ab\u00a0CHAMONIX PHOTO FESTIVAL\u00a0\u00bb &#8212; Tous Acteurs des Savoie\" data-secret=\"EutW3nb3QK\" frameborder=\"0\" marginwidth=\"0\" marginheight=\"0\" scrolling=\"no\" class=\"wp-embedded-content\"><\/iframe><script>\n\/*! This file is auto-generated *\/\n!function(d,l){\"use strict\";l.querySelector&&d.addEventListener&&\"undefined\"!=typeof URL&&(d.wp=d.wp||{},d.wp.receiveEmbedMessage||(d.wp.receiveEmbedMessage=function(e){var t=e.data;if((t||t.secret||t.message||t.value)&&!\/[^a-zA-Z0-9]\/.test(t.secret)){for(var s,r,n,a=l.querySelectorAll('iframe[data-secret=\"'+t.secret+'\"]'),o=l.querySelectorAll('blockquote[data-secret=\"'+t.secret+'\"]'),c=new RegExp(\"^https?:$\",\"i\"),i=0;i<o.length;i++)o[i].style.display=\"none\";for(i=0;i<a.length;i++)s=a[i],e.source===s.contentWindow&&(s.removeAttribute(\"style\"),\"height\"===t.message?(1e3<(r=parseInt(t.value,10))?r=1e3:~~r<200&&(r=200),s.height=r):\"link\"===t.message&&(r=new URL(s.getAttribute(\"src\")),n=new URL(t.value),c.test(n.protocol))&&n.host===r.host&&l.activeElement===s&&(d.top.location.href=t.value))}},d.addEventListener(\"message\",d.wp.receiveEmbedMessage,!1),l.addEventListener(\"DOMContentLoaded\",function(){for(var e,t,s=l.querySelectorAll(\"iframe.wp-embedded-content\"),r=0;r<s.length;r++)(t=(e=s[r]).getAttribute(\"data-secret\"))||(t=Math.random().toString(36).substring(2,12),e.src+=\"#?secret=\"+t,e.setAttribute(\"data-secret\",t)),e.contentWindow.postMessage({message:\"ready\",secret:t},\"*\")},!1)))}(window,document);\n<\/script>\n","description":"a:6:{s:10:\"event_date\";s:8:\"20251031\";s:14:\"event_date_end\";s:8:\"20251102\";s:7:\"address\";b:0;s:5:\"cover\";a:4:{s:3:\"img\";i:7895;s:8:\"img-size\";s:7:\"contain\";s:5:\"title\";s:56:\"3\u00e8me \u00e9dition &#8211; Chamonix photo festival \";s:11:\"button_link\";a:2:{s:4:\"text\";s:24:\"Retrouvez le programme :\";s:3:\"url\";a:1:{i:0;a:2:{s:13:\"acf_fc_layout\";s:8:\"external\";s:3:\"url\";s:50:\"https:\/\/www.chamonixphotofestival.com\/programme-2\/\";}}}}s:5:\"intro\";a:1:{s:5:\"intro\";s:708:\"Chamonix Photo Festival revient pour une 3\u00e8me \u00e9dition, du vendredi 31 octobre au dimanche 2 novembre 2025. Le temps d&rsquo;un week-end, Chamonix devient la capitale de l&rsquo;image et de la photo nature. Au programme : expositions, projections, rencontres, concours, masterclass et ateliers enfants. Un festival immersif d\u00e9di\u00e9 \u00e0 la nature, \u00e0 ceux qui la racontent et \u00e0 ceux qui la d\u00e9fendent. En tant que banque coop\u00e9rative et de proximit\u00e9, le Cr\u00e9dit Agricole des Savoie est fier de mettre en lumi\u00e8re les valeurs locales et l&rsquo;authenticit\u00e9 de notre territoire. Venez tous partager ce moment unique. &nbsp; \";}s:6:\"blocks\";b:0;}"}

a:6:{s:10:"event_date";s:8:"20251031";s:14:"event_date_end";s:8:"20251102";s:7:"address";b:0;s:5:"cover";a:4:{s:3:"img";i:7895;s:8:"img-size";s:7:"contain";s:5:"title";s:56:"3ème édition &#8211; Chamonix photo festival ";s:11:"button_link";a:2:{s:4:"text";s:24:"Retrouvez le programme :";s:3:"url";a:1:{i:0;a:2:{s:13:"acf_fc_layout";s:8:"external";s:3:"url";s:50:"https://www.chamonixphotofestival.com/programme-2/";}}}}s:5:"intro";a:1:{s:5:"intro";s:708:"Chamonix Photo Festival revient pour une 3ème édition, du vendredi 31 octobre au dimanche 2 novembre 2025. Le temps d&rsquo;un week-end, Chamonix devient la capitale de l&rsquo;image et de la photo nature. Au programme : expositions, projections, rencontres, concours, masterclass et ateliers enfants. Un festival immersif dédié à la nature, à ceux qui la racontent et à ceux qui la défendent. En tant que banque coopérative et de proximité, le Crédit Agricole des Savoie est fier de mettre en lumière les valeurs locales et l&rsquo;authenticité de notre territoire. Venez tous partager ce moment unique. &nbsp; ";}s:6:"blocks";b:0;}
