{"version":"1.0","provider_name":"Tous Acteurs des Savoie","provider_url":"https:\/\/www.tous-acteurs-des-savoie.coop","author_name":"evenementiel@ca-des-savoie.fr","author_url":"https:\/\/www.tous-acteurs-des-savoie.coop\/author\/evenementielca-des-savoie-fr\/","title":"arV'Hy - Arve Hydrog\u00e8ne Mobilit\u00e9 - Tous Acteurs des Savoie","type":"rich","width":600,"height":338,"html":"<blockquote class=\"wp-embedded-content\" data-secret=\"xHrBXp7fCo\"><a href=\"https:\/\/www.tous-acteurs-des-savoie.coop\/evenements\/arvhy-arve-hydrogene-mobilite\/\">arV&rsquo;Hy &#8211; Arve Hydrog\u00e8ne Mobilit\u00e9<\/a><\/blockquote><iframe sandbox=\"allow-scripts\" security=\"restricted\" src=\"https:\/\/www.tous-acteurs-des-savoie.coop\/evenements\/arvhy-arve-hydrogene-mobilite\/embed\/#?secret=xHrBXp7fCo\" width=\"600\" height=\"338\" title=\"\u00ab\u00a0arV&rsquo;Hy &#8211; Arve Hydrog\u00e8ne Mobilit\u00e9\u00a0\u00bb &#8212; Tous Acteurs des Savoie\" data-secret=\"xHrBXp7fCo\" frameborder=\"0\" marginwidth=\"0\" marginheight=\"0\" scrolling=\"no\" class=\"wp-embedded-content\"><\/iframe><script>\n\/*! This file is auto-generated *\/\n!function(d,l){\"use strict\";l.querySelector&&d.addEventListener&&\"undefined\"!=typeof URL&&(d.wp=d.wp||{},d.wp.receiveEmbedMessage||(d.wp.receiveEmbedMessage=function(e){var t=e.data;if((t||t.secret||t.message||t.value)&&!\/[^a-zA-Z0-9]\/.test(t.secret)){for(var s,r,n,a=l.querySelectorAll('iframe[data-secret=\"'+t.secret+'\"]'),o=l.querySelectorAll('blockquote[data-secret=\"'+t.secret+'\"]'),c=new RegExp(\"^https?:$\",\"i\"),i=0;i<o.length;i++)o[i].style.display=\"none\";for(i=0;i<a.length;i++)s=a[i],e.source===s.contentWindow&&(s.removeAttribute(\"style\"),\"height\"===t.message?(1e3<(r=parseInt(t.value,10))?r=1e3:~~r<200&&(r=200),s.height=r):\"link\"===t.message&&(r=new URL(s.getAttribute(\"src\")),n=new URL(t.value),c.test(n.protocol))&&n.host===r.host&&l.activeElement===s&&(d.top.location.href=t.value))}},d.addEventListener(\"message\",d.wp.receiveEmbedMessage,!1),l.addEventListener(\"DOMContentLoaded\",function(){for(var e,t,s=l.querySelectorAll(\"iframe.wp-embedded-content\"),r=0;r<s.length;r++)(t=(e=s[r]).getAttribute(\"data-secret\"))||(t=Math.random().toString(36).substring(2,12),e.src+=\"#?secret=\"+t,e.setAttribute(\"data-secret\",t)),e.contentWindow.postMessage({message:\"ready\",secret:t},\"*\")},!1)))}(window,document);\n<\/script>\n","description":"a:6:{s:10:\"event_date\";s:8:\"20240702\";s:14:\"event_date_end\";s:8:\"20240702\";s:7:\"address\";a:13:{s:7:\"address\";s:51:\"Parvis des Esserts, Rue du Marcelly, Cluses, France\";s:3:\"lat\";d:46.0753509;s:3:\"lng\";d:6.5606826;s:4:\"zoom\";i:11;s:8:\"place_id\";s:27:\"ChIJxZVtXV8GjEcRLwrpfdn39Do\";s:4:\"name\";s:18:\"Parvis des Esserts\";s:13:\"street_number\";s:2:\"36\";s:11:\"street_name\";s:15:\"Rue du Marcelly\";s:4:\"city\";s:6:\"Cluses\";s:5:\"state\";s:21:\"Auvergne-Rh\u00f4ne-Alpes\";s:9:\"post_code\";s:5:\"74300\";s:7:\"country\";s:6:\"France\";s:13:\"country_short\";s:2:\"FR\";}s:5:\"cover\";a:4:{s:3:\"img\";i:5689;s:8:\"img-size\";s:5:\"cover\";s:5:\"title\";s:56:\"arV&rsquo;Hy &#8211; Arve Hydrog\u00e8ne Mobilit\u00e9 \";s:11:\"button_link\";a:2:{s:4:\"text\";s:0:\"\";s:3:\"url\";b:0;}}s:5:\"intro\";a:1:{s:5:\"intro\";s:444:\"Entreprises, vous souhaitez r\u00e9duire vos \u00e9missions de GES et verdir votre flotte v\u00e9hicule ? Vous souhaitez des informations sur le fonctionnement d\u2019une station H2 ? Vous avez entendu parler de v\u00e9hicules H2 et vous souhaitez les essayer ? Rendez-vous le 2 juillet 2024 de 8h \u00e0 18h sur le parvis des Esserts \u00e0 Cluses. \";}s:6:\"blocks\";a:3:{i:0;a:4:{s:13:\"acf_fc_layout\";s:4:\"text\";s:14:\"text_text-move\";b:1;s:14:\"text_text-size\";s:1:\"9\";s:9:\"text_text\";s:411:\"essais de v\u00e9hicules H2 et parcours d&rsquo;information sur la mobilit\u00e9 H2 A l&rsquo;occasion d&rsquo;une journ\u00e9e exceptionnelle, venez \u00e9changer avec les acteurs de la fili\u00e8re, d\u00e9couvrir les offres de location et de financements de v\u00e9hicules hydrog\u00e8ne et les essayer. Un \u00e9v\u00e9nement organis\u00e9 en partenariat avec le Cr\u00e9dit Agricole des Savoie. \";}i:1;a:3:{s:13:\"acf_fc_layout\";s:6:\"button\";s:11:\"button_line\";b:0;s:16:\"button_link_link\";a:2:{s:4:\"text\";s:14:\"EN SAVOIR PLUS\";s:3:\"url\";a:1:{i:0;a:2:{s:13:\"acf_fc_layout\";s:4:\"file\";s:3:\"url\";s:91:\"https:\/\/www.tous-acteurs-des-savoie.coop\/app\/uploads\/2024\/06\/arvhy-invitation-2-juillet.pdf\";}}}}i:2;a:3:{s:13:\"acf_fc_layout\";s:6:\"button\";s:11:\"button_line\";b:0;s:16:\"button_link_link\";a:2:{s:4:\"text\";s:29:\"RESERVER VOTRE ESSAI VEHICULE\";s:3:\"url\";a:1:{i:0;a:2:{s:13:\"acf_fc_layout\";s:8:\"external\";s:3:\"url\";s:113:\"https:\/\/docs.google.com\/forms\/d\/e\/1FAIpQLSfKvS10VhHz_bqsl9Z2Y-Uk0__5kk_YTo0t4pVEFhnZdXtlSw\/viewform?usp=send_form\";}}}}}}"}

arV'Hy - Arve Hydrogène Mobilité - Tous Acteurs des Savoie

<blockquote class="wp-embedded-content" data-secret="xHrBXp7fCo"><a href="https://www.tous-acteurs-des-savoie.coop/evenements/arvhy-arve-hydrogene-mobilite/">arV&rsquo;Hy &#8211; Arve Hydrogène Mobilité</a></blockquote><iframe sandbox="allow-scripts" security="restricted" src="https://www.tous-acteurs-des-savoie.coop/evenements/arvhy-arve-hydrogene-mobilite/embed/#?secret=xHrBXp7fCo" width="600" height="338" title="« arV&rsquo;Hy &#8211; Arve Hydrogène Mobilité » &#8212; Tous Acteurs des Savoie" data-secret="xHrBXp7fCo" frameborder="0" marginwidth="0" marginheight="0" scrolling="no" class="wp-embedded-content"></iframe><script>
/*! This file is auto-generated */
!function(d,l){"use strict";l.querySelector&&d.addEventListener&&"undefined"!=typeof URL&&(d.wp=d.wp||{},d.wp.receiveEmbedMessage||(d.wp.receiveEmbedMessage=function(e){var t=e.data;if((t||t.secret||t.message||t.value)&&!/[^a-zA-Z0-9]/.test(t.secret)){for(var s,r,n,a=l.querySelectorAll('iframe[data-secret="'+t.secret+'"]'),o=l.querySelectorAll('blockquote[data-secret="'+t.secret+'"]'),c=new RegExp("^https?:$","i"),i=0;i<o.length;i++)o[i].style.display="none";for(i=0;i<a.length;i++)s=a[i],e.source===s.contentWindow&&(s.removeAttribute("style"),"height"===t.message?(1e3<(r=parseInt(t.value,10))?r=1e3:~~r<200&&(r=200),s.height=r):"link"===t.message&&(r=new URL(s.getAttribute("src")),n=new URL(t.value),c.test(n.protocol))&&n.host===r.host&&l.activeElement===s&&(d.top.location.href=t.value))}},d.addEventListener("message",d.wp.receiveEmbedMessage,!1),l.addEventListener("DOMContentLoaded",function(){for(var e,t,s=l.querySelectorAll("iframe.wp-embedded-content"),r=0;r<s.length;r++)(t=(e=s[r]).getAttribute("data-secret"))||(t=Math.random().toString(36).substring(2,12),e.src+="#?secret="+t,e.setAttribute("data-secret",t)),e.contentWindow.postMessage({message:"ready",secret:t},"*")},!1)))}(window,document);
</script>

a:6:{s:10:"event_date";s:8:"20240702";s:14:"event_date_end";s:8:"20240702";s:7:"address";a:13:{s:7:"address";s:51:"Parvis des Esserts, Rue du Marcelly, Cluses, France";s:3:"lat";d:46.0753509;s:3:"lng";d:6.5606826;s:4:"zoom";i:11;s:8:"place_id";s:27:"ChIJxZVtXV8GjEcRLwrpfdn39Do";s:4:"name";s:18:"Parvis des Esserts";s:13:"street_number";s:2:"36";s:11:"street_name";s:15:"Rue du Marcelly";s:4:"city";s:6:"Cluses";s:5:"state";s:21:"Auvergne-Rhône-Alpes";s:9:"post_code";s:5:"74300";s:7:"country";s:6:"France";s:13:"country_short";s:2:"FR";}s:5:"cover";a:4:{s:3:"img";i:5689;s:8:"img-size";s:5:"cover";s:5:"title";s:56:"arV&rsquo;Hy &#8211; Arve Hydrogène Mobilité ";s:11:"button_link";a:2:{s:4:"text";s:0:"";s:3:"url";b:0;}}s:5:"intro";a:1:{s:5:"intro";s:444:"Entreprises, vous souhaitez réduire vos émissions de GES et verdir votre flotte véhicule ? Vous souhaitez des informations sur le fonctionnement d’une station H2 ? Vous avez entendu parler de véhicules H2 et vous souhaitez les essayer ? Rendez-vous le 2 juillet 2024 de 8h à 18h sur le parvis des Esserts à Cluses. ";}s:6:"blocks";a:3:{i:0;a:4:{s:13:"acf_fc_layout";s:4:"text";s:14:"text_text-move";b:1;s:14:"text_text-size";s:1:"9";s:9:"text_text";s:411:"essais de véhicules H2 et parcours d&rsquo;information sur la mobilité H2 A l&rsquo;occasion d&rsquo;une journée exceptionnelle, venez échanger avec les acteurs de la filière, découvrir les offres de location et de financements de véhicules hydrogène et les essayer. Un événement organisé en partenariat avec le Crédit Agricole des Savoie. ";}i:1;a:3:{s:13:"acf_fc_layout";s:6:"button";s:11:"button_line";b:0;s:16:"button_link_link";a:2:{s:4:"text";s:14:"EN SAVOIR PLUS";s:3:"url";a:1:{i:0;a:2:{s:13:"acf_fc_layout";s:4:"file";s:3:"url";s:91:"https://www.tous-acteurs-des-savoie.coop/app/uploads/2024/06/arvhy-invitation-2-juillet.pdf";}}}}i:2;a:3:{s:13:"acf_fc_layout";s:6:"button";s:11:"button_line";b:0;s:16:"button_link_link";a:2:{s:4:"text";s:29:"RESERVER VOTRE ESSAI VEHICULE";s:3:"url";a:1:{i:0;a:2:{s:13:"acf_fc_layout";s:8:"external";s:3:"url";s:113:"https://docs.google.com/forms/d/e/1FAIpQLSfKvS10VhHz_bqsl9Z2Y-Uk0__5kk_YTo0t4pVEFhnZdXtlSw/viewform?usp=send_form";}}}}}}
