{"version":"1.0","provider_name":"Tous Acteurs des Savoie","provider_url":"https:\/\/www.tous-acteurs-des-savoie.coop","author_name":"Coralie.GOBBO@ca-des-savoie.fr","author_url":"https:\/\/www.tous-acteurs-des-savoie.coop\/author\/coralie-gobboca-des-savoie-fr\/","title":"VIUZ-EN-SALLAZ - Tous Acteurs des Savoie","type":"rich","width":600,"height":338,"html":"<blockquote class=\"wp-embedded-content\" data-secret=\"ddIBsMLYb2\"><a href=\"https:\/\/www.tous-acteurs-des-savoie.coop\/caisses-locales\/viuz-en-sallaz\/\">VIUZ-EN-SALLAZ<\/a><\/blockquote><iframe sandbox=\"allow-scripts\" security=\"restricted\" src=\"https:\/\/www.tous-acteurs-des-savoie.coop\/caisses-locales\/viuz-en-sallaz\/embed\/#?secret=ddIBsMLYb2\" width=\"600\" height=\"338\" title=\"\u00ab\u00a0VIUZ-EN-SALLAZ\u00a0\u00bb &#8212; Tous Acteurs des Savoie\" data-secret=\"ddIBsMLYb2\" frameborder=\"0\" marginwidth=\"0\" marginheight=\"0\" scrolling=\"no\" class=\"wp-embedded-content\"><\/iframe><script>\n\/*! This file is auto-generated *\/\n!function(d,l){\"use strict\";l.querySelector&&d.addEventListener&&\"undefined\"!=typeof URL&&(d.wp=d.wp||{},d.wp.receiveEmbedMessage||(d.wp.receiveEmbedMessage=function(e){var t=e.data;if((t||t.secret||t.message||t.value)&&!\/[^a-zA-Z0-9]\/.test(t.secret)){for(var s,r,n,a=l.querySelectorAll('iframe[data-secret=\"'+t.secret+'\"]'),o=l.querySelectorAll('blockquote[data-secret=\"'+t.secret+'\"]'),c=new RegExp(\"^https?:$\",\"i\"),i=0;i<o.length;i++)o[i].style.display=\"none\";for(i=0;i<a.length;i++)s=a[i],e.source===s.contentWindow&&(s.removeAttribute(\"style\"),\"height\"===t.message?(1e3<(r=parseInt(t.value,10))?r=1e3:~~r<200&&(r=200),s.height=r):\"link\"===t.message&&(r=new URL(s.getAttribute(\"src\")),n=new URL(t.value),c.test(n.protocol))&&n.host===r.host&&l.activeElement===s&&(d.top.location.href=t.value))}},d.addEventListener(\"message\",d.wp.receiveEmbedMessage,!1),l.addEventListener(\"DOMContentLoaded\",function(){for(var e,t,s=l.querySelectorAll(\"iframe.wp-embedded-content\"),r=0;r<s.length;r++)(t=(e=s[r]).getAttribute(\"data-secret\"))||(t=Math.random().toString(36).substring(2,12),e.src+=\"#?secret=\"+t,e.setAttribute(\"data-secret\",t)),e.contentWindow.postMessage({message:\"ready\",secret:t},\"*\")},!1)))}(window,document);\n<\/script>\n","description":"a:11:{s:5:\"cover\";a:3:{s:3:\"img\";i:1094;s:5:\"title\";s:41:\"CAISSE LOCALE DE VIUZ-EN-SALLAZ \";s:4:\"text\";s:0:\"\";}s:4:\"list\";a:2:{s:5:\"photo\";i:1094;s:5:\"title\";s:41:\"CAISSE LOCALE DE VIUZ-EN-SALLAZ \";}s:7:\"address\";s:38:\"3, rue de la Paix 74250 VIUZ-EN-SALLAZ\";s:3:\"map\";a:11:{s:7:\"address\";s:63:\"Cr\u00e9dit Agricole - VIUZ-EN-SALLAZ, 74250 Viuz-en-Sallaz, France\";s:3:\"lat\";d:46.1480946;s:3:\"lng\";d:6.410980999999999;s:4:\"zoom\";i:14;s:8:\"place_id\";s:27:\"ChIJwS6pP9tyjEcR-3zMFMT4qD8\";s:4:\"name\";s:33:\"Cr\u00e9dit Agricole - VIUZ-EN-SALLAZ\";s:4:\"city\";s:14:\"Viuz-en-Sallaz\";s:5:\"state\";s:21:\"Auvergne-Rh\u00f4ne-Alpes\";s:9:\"post_code\";s:5:\"74250\";s:7:\"country\";s:6:\"France\";s:13:\"country_short\";s:2:\"FR\";}s:9:\"president\";a:5:{s:6:\"center\";b:0;s:3:\"img\";i:2677;s:12:\"img-position\";s:4:\"left\";s:4:\"name\";s:14:\"LAURE GERVAIS \";s:8:\"position\";s:32:\"Pr\u00e9sidente de la Caisse Locale \";}s:14:\"administration\";a:2:{s:5:\"title\";s:56:\"Conseil d\u2019administration de la caisse locale \";s:9:\"employees\";a:15:{i:0;a:2:{s:4:\"name\";s:15:\"CELINE BALFROID\";s:8:\"position\";s:16:\"Vice-Pr\u00e9sidente\";}i:1;a:2:{s:4:\"name\";s:14:\"THIERRY BERARD\";s:8:\"position\";s:14:\"Administrateur\";}i:2;a:2:{s:4:\"name\";s:14:\"ANDRE DELAVOET\";s:8:\"position\";s:14:\"Administrateur\";}i:3;a:2:{s:4:\"name\";s:12:\"NOEL DELTEIL\";s:8:\"position\";s:14:\"Administrateur\";}i:4;a:2:{s:4:\"name\";s:15:\"CEDRIC DUMOULIN\";s:8:\"position\";s:15:\"Administrateur \";}i:5;a:2:{s:4:\"name\";s:15:\"MICHEL FONTAINE\";s:8:\"position\";s:15:\"Vice-Pr\u00e9sident\";}i:6;a:2:{s:4:\"name\";s:16:\"JEAN MARC GAVARD\";s:8:\"position\";s:14:\"Administrateur\";}i:7;a:2:{s:4:\"name\";s:14:\"JULIEN GERVAIS\";s:8:\"position\";s:15:\"Administrateur \";}i:8;a:2:{s:4:\"name\";s:13:\"LYDIE JOLIVET\";s:8:\"position\";s:16:\"Vice-Pr\u00e9sidente\";}i:9;a:2:{s:4:\"name\";s:13:\"MYRIAM MORET \";s:8:\"position\";s:15:\"Administratrice\";}i:10;a:2:{s:4:\"name\";s:16:\"NATHALIE PELLET \";s:8:\"position\";s:15:\"Administratrice\";}i:11;a:2:{s:4:\"name\";s:15:\"MONIQUE PINGET \";s:8:\"position\";s:15:\"Administratrice\";}i:12;a:2:{s:4:\"name\";s:15:\"BEATRICE SECCO \";s:8:\"position\";s:15:\"Administratrice\";}i:13;a:2:{s:4:\"name\";s:14:\"VINCENT WIRION\";s:8:\"position\";s:14:\"Administrateur\";}i:14;a:2:{s:4:\"name\";s:13:\"AUDREY SOLINI\";s:8:\"position\";s:11:\"Secr\u00e9taire\";}}}s:4:\"next\";a:8:{s:5:\"title\";s:38:\"Future Assembl\u00e9e G\u00e9n\u00e9rale \";s:4:\"text\";s:0:\"\";s:4:\"when\";s:19:\"2026-02-27 19:00:00\";s:7:\"address\";s:92:\"Salle des f\u00eates Fran\u00e7ois Cheneval-Pallud - 189 route de Roisinges - 74250 - Viuz en Sallaz\";s:4:\"name\";s:235:\"Th\u00e8me local : Accompagner notre territoire, c\u2019est faire vivre notre montagne\u00a0\u00e0\u00a0travers ces histoires avec la pr\u00e9sentation du Livre A\u00a0Mole par son auteur\u00a0et une marche gourmande qui met \u00e0 l\u2019honneur nos producteurs\u00a0locaux.\u00a0\";s:3:\"img\";b:0;s:7:\"details\";s:655:\"Il est temps de nous rencontrer \u00e0 nouveau pour vous informer des \u00e9volutions de votre banque coop\u00e9rative et mutualiste. Cette soir\u00e9e sera aussi l\u2019occasion d\u2019\u00e9changer sur l\u2019activit\u00e9 et le fonctionnement du Cr\u00e9dit Agricole des Savoie. Vous pourrez vous exprimer en tant que soci\u00e9taire et acteur du territoire. Venez d\u00e9couvrir le th\u00e8me que les administrateurs de votre Caisse Locale ont choisi de vous pr\u00e9senter ! Un cadeau de bienvenue vous sera remis \u00e0 votre arriv\u00e9e. Un repas cl\u00f4turera la soir\u00e9e. Vous avez des questions \u00e0 poser \u00e0 votre Caisse Locale ? Envoyez-nous un message. \";s:4:\"link\";a:2:{s:4:\"text\";s:19:\"Je pose ma question\";s:3:\"url\";a:1:{i:0;a:2:{s:13:\"acf_fc_layout\";s:8:\"internal\";s:3:\"url\";s:49:\"https:\/\/www.tous-acteurs-des-savoie.coop\/contact\/\";}}}}s:8:\"previous\";a:8:{s:5:\"title\";s:47:\"derniere assembl\u00e9e g\u00e9n\u00e9rale : 2025 \";s:4:\"text\";s:84:\"La derni\u00e8re Assembl\u00e9e G\u00e9n\u00e9rale de votre Caisse Locale a eu lieu en 2025. \";s:4:\"when\";s:19:\"2025-03-14 19:00:00\";s:7:\"address\";s:57:\"Salle de l'Oasis - 186 Route de l'Oasis - 74250 - La Tour\";s:4:\"name\";s:140:\"Th\u00e8me local : Venez d\u00e9couvrir la St\u00e9phanoise, troupe de th\u00e9\u00e2tre multig\u00e9n\u00e9rationnelle, elle incarne la tradition vivante avec passion.\";s:3:\"img\";b:0;s:7:\"details\";s:0:\"\";s:4:\"link\";a:2:{s:4:\"text\";s:0:\"\";s:3:\"url\";b:0;}}s:5:\"video\";a:1:{s:5:\"video\";s:334:\"\";}s:4:\"imgs\";b:0;s:8:\"gallerie\";a:1:{s:4:\"imgs\";b:0;}}"}

a:11:{s:5:"cover";a:3:{s:3:"img";i:1094;s:5:"title";s:41:"CAISSE LOCALE DE VIUZ-EN-SALLAZ ";s:4:"text";s:0:"";}s:4:"list";a:2:{s:5:"photo";i:1094;s:5:"title";s:41:"CAISSE LOCALE DE VIUZ-EN-SALLAZ ";}s:7:"address";s:38:"3, rue de la Paix 74250 VIUZ-EN-SALLAZ";s:3:"map";a:11:{s:7:"address";s:63:"Crédit Agricole - VIUZ-EN-SALLAZ, 74250 Viuz-en-Sallaz, France";s:3:"lat";d:46.1480946;s:3:"lng";d:6.410980999999999;s:4:"zoom";i:14;s:8:"place_id";s:27:"ChIJwS6pP9tyjEcR-3zMFMT4qD8";s:4:"name";s:33:"Crédit Agricole - VIUZ-EN-SALLAZ";s:4:"city";s:14:"Viuz-en-Sallaz";s:5:"state";s:21:"Auvergne-Rhône-Alpes";s:9:"post_code";s:5:"74250";s:7:"country";s:6:"France";s:13:"country_short";s:2:"FR";}s:9:"president";a:5:{s:6:"center";b:0;s:3:"img";i:2677;s:12:"img-position";s:4:"left";s:4:"name";s:14:"LAURE GERVAIS ";s:8:"position";s:32:"Présidente de la Caisse Locale ";}s:14:"administration";a:2:{s:5:"title";s:56:"Conseil d’administration de la caisse locale ";s:9:"employees";a:15:{i:0;a:2:{s:4:"name";s:15:"CELINE BALFROID";s:8:"position";s:16:"Vice-Présidente";}i:1;a:2:{s:4:"name";s:14:"THIERRY BERARD";s:8:"position";s:14:"Administrateur";}i:2;a:2:{s:4:"name";s:14:"ANDRE DELAVOET";s:8:"position";s:14:"Administrateur";}i:3;a:2:{s:4:"name";s:12:"NOEL DELTEIL";s:8:"position";s:14:"Administrateur";}i:4;a:2:{s:4:"name";s:15:"CEDRIC DUMOULIN";s:8:"position";s:15:"Administrateur ";}i:5;a:2:{s:4:"name";s:15:"MICHEL FONTAINE";s:8:"position";s:15:"Vice-Président";}i:6;a:2:{s:4:"name";s:16:"JEAN MARC GAVARD";s:8:"position";s:14:"Administrateur";}i:7;a:2:{s:4:"name";s:14:"JULIEN GERVAIS";s:8:"position";s:15:"Administrateur ";}i:8;a:2:{s:4:"name";s:13:"LYDIE JOLIVET";s:8:"position";s:16:"Vice-Présidente";}i:9;a:2:{s:4:"name";s:13:"MYRIAM MORET ";s:8:"position";s:15:"Administratrice";}i:10;a:2:{s:4:"name";s:16:"NATHALIE PELLET ";s:8:"position";s:15:"Administratrice";}i:11;a:2:{s:4:"name";s:15:"MONIQUE PINGET ";s:8:"position";s:15:"Administratrice";}i:12;a:2:{s:4:"name";s:15:"BEATRICE SECCO ";s:8:"position";s:15:"Administratrice";}i:13;a:2:{s:4:"name";s:14:"VINCENT WIRION";s:8:"position";s:14:"Administrateur";}i:14;a:2:{s:4:"name";s:13:"AUDREY SOLINI";s:8:"position";s:11:"Secrétaire";}}}s:4:"next";a:8:{s:5:"title";s:38:"Future Assemblée Générale ";s:4:"text";s:0:"";s:4:"when";s:19:"2026-02-27 19:00:00";s:7:"address";s:92:"Salle des fêtes François Cheneval-Pallud - 189 route de Roisinges - 74250 - Viuz en Sallaz";s:4:"name";s:235:"Thème local : Accompagner notre territoire, c’est faire vivre notre montagne à travers ces histoires avec la présentation du Livre A Mole par son auteur et une marche gourmande qui met à l’honneur nos producteurs locaux. ";s:3:"img";b:0;s:7:"details";s:655:"Il est temps de nous rencontrer à nouveau pour vous informer des évolutions de votre banque coopérative et mutualiste. Cette soirée sera aussi l’occasion d’échanger sur l’activité et le fonctionnement du Crédit Agricole des Savoie. Vous pourrez vous exprimer en tant que sociétaire et acteur du territoire. Venez découvrir le thème que les administrateurs de votre Caisse Locale ont choisi de vous présenter ! Un cadeau de bienvenue vous sera remis à votre arrivée. Un repas clôturera la soirée. Vous avez des questions à poser à votre Caisse Locale ? Envoyez-nous un message. ";s:4:"link";a:2:{s:4:"text";s:19:"Je pose ma question";s:3:"url";a:1:{i:0;a:2:{s:13:"acf_fc_layout";s:8:"internal";s:3:"url";s:49:"https://www.tous-acteurs-des-savoie.coop/contact/";}}}}s:8:"previous";a:8:{s:5:"title";s:47:"derniere assemblée générale : 2025 ";s:4:"text";s:84:"La dernière Assemblée Générale de votre Caisse Locale a eu lieu en 2025. ";s:4:"when";s:19:"2025-03-14 19:00:00";s:7:"address";s:57:"Salle de l'Oasis - 186 Route de l'Oasis - 74250 - La Tour";s:4:"name";s:140:"Thème local : Venez découvrir la Stéphanoise, troupe de théâtre multigénérationnelle, elle incarne la tradition vivante avec passion.";s:3:"img";b:0;s:7:"details";s:0:"";s:4:"link";a:2:{s:4:"text";s:0:"";s:3:"url";b:0;}}s:5:"video";a:1:{s:5:"video";s:334:"";}s:4:"imgs";b:0;s:8:"gallerie";a:1:{s:4:"imgs";b:0;}}
